Last updated on 2024-05-21 03:55:24 CEST.
Flavor | Version | Tinstall | Tcheck | Ttotal | Status | Flags |
---|---|---|---|---|---|---|
r-devel-linux-x86_64-debian-clang | 2.1.1 | 6.89 | 52.31 | 59.20 | NOTE | |
r-devel-linux-x86_64-debian-gcc | 2.1.1 | 3.89 | 38.22 | 42.11 | NOTE | |
r-devel-linux-x86_64-fedora-clang | 2.1.1 | 72.24 | NOTE | |||
r-devel-linux-x86_64-fedora-gcc | 2.1.1 | 67.59 | NOTE | |||
r-devel-windows-x86_64 | 2.1.1 | 6.00 | 64.00 | 70.00 | NOTE | |
r-patched-linux-x86_64 | 2.1.1 | 7.91 | 48.50 | 56.41 | NOTE | |
r-release-linux-x86_64 | 2.1.1 | 6.67 | 48.79 | 55.46 | NOTE | |
r-release-macos-arm64 | 2.1.1 | 24.00 | NOTE | |||
r-release-windows-x86_64 | 2.1.1 | 8.00 | 64.00 | 72.00 | NOTE | |
r-oldrel-macos-arm64 | 2.1.1 | 27.00 | NOTE | |||
r-oldrel-macos-x86_64 | 2.1.1 | 37.00 | NOTE | |||
r-oldrel-windows-x86_64 | 2.1.1 | 5.00 | 69.00 | 74.00 | NOTE |
Version: 2.1.1
Check: Rd files
Result: NOTE
checkRd: (-1) pkb.Rd:14: Escaped LaTeX specials: \# \# \#
Flavors: r-devel-linux-x86_64-debian-clang, r-devel-linux-x86_64-debian-gcc, r-devel-linux-x86_64-fedora-clang, r-devel-linux-x86_64-fedora-gcc, r-devel-windows-x86_64, r-patched-linux-x86_64, r-release-linux-x86_64, r-release-macos-arm64, r-release-windows-x86_64, r-oldrel-macos-arm64, r-oldrel-macos-x86_64, r-oldrel-windows-x86_64