Last updated on 2025-10-24 04:50:59 CEST.
| Flavor | Version | Tinstall | Tcheck | Ttotal | Status | Flags |
|---|---|---|---|---|---|---|
| r-devel-linux-x86_64-debian-clang | 0.3.1 | 2.59 | 46.25 | 48.84 | NOTE | |
| r-devel-linux-x86_64-debian-gcc | 0.3.1 | 1.88 | 34.30 | 36.18 | NOTE | |
| r-devel-linux-x86_64-fedora-clang | 0.3.1 | 10.00 | 66.93 | 76.93 | NOTE | |
| r-devel-linux-x86_64-fedora-gcc | 0.3.1 | 73.21 | NOTE | |||
| r-devel-windows-x86_64 | 0.3.1 | 6.00 | 68.00 | 74.00 | NOTE | |
| r-patched-linux-x86_64 | 0.3.1 | 3.52 | 44.02 | 47.54 | NOTE | |
| r-release-linux-x86_64 | 0.3.1 | 2.50 | 44.44 | 46.94 | NOTE | |
| r-release-macos-arm64 | 0.3.1 | 1.00 | 26.00 | 27.00 | NOTE | |
| r-release-macos-x86_64 | 0.3.1 | 3.00 | 46.00 | 49.00 | NOTE | |
| r-release-windows-x86_64 | 0.3.1 | 7.00 | 69.00 | 76.00 | NOTE | |
| r-oldrel-macos-arm64 | 0.3.1 | 2.00 | 25.00 | 27.00 | OK | |
| r-oldrel-macos-x86_64 | 0.3.1 | 3.00 | 50.00 | 53.00 | OK | |
| r-oldrel-windows-x86_64 | 0.3.1 | 7.00 | 84.00 | 91.00 | OK |
Version: 0.3.1
Check: DESCRIPTION meta-information
Result: NOTE
Missing dependency on R >= 4.1.0 because package code uses the pipe
|> or function shorthand \(...) syntax added in R 4.1.0.
File(s) using such syntax:
‘iht_interpreter.Rd’ ‘lr_pow.Rd’ ‘pj_pow.Rd’ ‘replext_helpers.R’
‘replext_helpers_pgsql.R’ ‘rm_interpreter.Rd’
Flavors: r-devel-linux-x86_64-debian-clang, r-devel-linux-x86_64-debian-gcc, r-devel-linux-x86_64-fedora-clang, r-devel-linux-x86_64-fedora-gcc, r-devel-windows-x86_64, r-patched-linux-x86_64, r-release-linux-x86_64, r-release-macos-arm64, r-release-macos-x86_64, r-release-windows-x86_64