Last updated on 2025-11-02 13:49:43 CET.
| Flavor | Version | Tinstall | Tcheck | Ttotal | Status | Flags |
|---|---|---|---|---|---|---|
| r-devel-linux-x86_64-debian-clang | 0.0.1 | 1.78 | 20.25 | 22.03 | NOTE | |
| r-devel-linux-x86_64-debian-gcc | 0.0.1 | 1.40 | 16.45 | 17.85 | NOTE | |
| r-devel-linux-x86_64-fedora-clang | 0.0.1 | 32.08 | NOTE | |||
| r-devel-linux-x86_64-fedora-gcc | 0.0.1 | 30.68 | NOTE | |||
| r-devel-windows-x86_64 | 0.0.1 | 3.00 | 40.00 | 43.00 | OK | |
| r-patched-linux-x86_64 | 0.0.1 | 1.86 | 19.27 | 21.13 | OK | |
| r-release-linux-x86_64 | 0.0.1 | 1.65 | 18.89 | 20.54 | OK | |
| r-release-macos-arm64 | 0.0.1 | 2.00 | 16.00 | 18.00 | OK | |
| r-release-macos-x86_64 | 0.0.1 | 2.00 | 21.00 | 23.00 | OK | |
| r-release-windows-x86_64 | 0.0.1 | 3.00 | 38.00 | 41.00 | OK | |
| r-oldrel-macos-arm64 | 0.0.1 | 1.00 | 15.00 | 16.00 | OK | |
| r-oldrel-macos-x86_64 | 0.0.1 | 1.00 | 19.00 | 20.00 | OK | |
| r-oldrel-windows-x86_64 | 0.0.1 | 3.00 | 43.00 | 46.00 | OK |
Version: 0.0.1
Check: CRAN incoming feasibility
Result: NOTE
Maintainer: ‘Matthew Cserhati <csmatyi@protonmail.com>’
The Description field contains
References: Mullner. <ArXiv:1109.2378>; Cserhati, Carter. (2020,
Please refer to arXiv e-prints via their arXiv DOI <doi:10.48550/arXiv.YYMM.NNNNN>.
Flavors: r-devel-linux-x86_64-debian-clang, r-devel-linux-x86_64-debian-gcc
Version: 0.0.1
Check: dependencies in R code
Result: NOTE
Namespace in Imports field not imported from: ‘stats’
All declared Imports should be used.
Flavors: r-devel-linux-x86_64-fedora-clang, r-devel-linux-x86_64-fedora-gcc