Last updated on 2025-10-22 05:51:16 CEST.
Flavor | Version | Tinstall | Tcheck | Ttotal | Status | Flags |
---|---|---|---|---|---|---|
r-devel-linux-x86_64-debian-clang | 0.10.0 | 117.19 | 253.04 | 370.23 | NOTE | |
r-devel-linux-x86_64-debian-gcc | 0.10.0 | 80.53 | 170.29 | 250.82 | NOTE | |
r-devel-linux-x86_64-fedora-clang | 0.10.0 | 313.00 | 317.39 | 630.39 | OK | |
r-devel-linux-x86_64-fedora-gcc | 0.10.0 | 193.00 | 418.21 | 611.21 | OK | |
r-devel-windows-x86_64 | 0.10.0 | 135.00 | 302.00 | 437.00 | OK | |
r-patched-linux-x86_64 | 0.10.0 | 126.41 | 241.48 | 367.89 | NOTE | |
r-release-linux-x86_64 | 0.10.0 | 127.66 | 242.03 | 369.69 | NOTE | |
r-release-macos-arm64 | 0.10.0 | 52.00 | 110.00 | 162.00 | OK | |
r-release-macos-x86_64 | 0.10.0 | 44.00 | 199.00 | 243.00 | OK | |
r-release-windows-x86_64 | 0.10.0 | 141.00 | 286.00 | 427.00 | OK | |
r-oldrel-macos-arm64 | 0.10.0 | 23.00 | 68.00 | 91.00 | NOTE | |
r-oldrel-macos-x86_64 | 0.10.0 | 21.00 | 121.00 | 142.00 | NOTE | |
r-oldrel-windows-x86_64 | 0.10.0 | 162.00 | 365.00 | 527.00 | NOTE |
Version: 0.10.0
Check: for unstated dependencies in ‘demo’
Result: NOTE
'library' or 'require' calls not declared from:
‘MCMCpack’ ‘matlab’ ‘microbenchmark’
Flavors: r-devel-linux-x86_64-debian-clang, r-devel-linux-x86_64-debian-gcc, r-patched-linux-x86_64, r-release-linux-x86_64
Version: 0.10.0
Check: HTML version of manual
Result: NOTE
Found the following HTML validation problems:
hommc-show.html:48:1 (hommc-show.Rd:10): Warning: missing </ul> before </div>
names.html:47:1 (names.Rd:10): Warning: missing </ul> before </div>
Flavors: r-devel-linux-x86_64-debian-clang, r-devel-linux-x86_64-debian-gcc
Version: 0.10.0
Check: installed package size
Result: NOTE
installed size is 10.9Mb
sub-directories of 1Mb or more:
libs 9.3Mb
Flavors: r-oldrel-macos-arm64, r-oldrel-macos-x86_64
Version: 0.10.0
Check: for GNU extensions in Makefiles
Result: NOTE
GNU make is a SystemRequirements.
Flavors: r-oldrel-macos-arm64, r-oldrel-macos-x86_64, r-oldrel-windows-x86_64