Last updated on 2025-10-21 04:50:22 CEST.
Flavor | Version | Tinstall | Tcheck | Ttotal | Status | Flags |
---|---|---|---|---|---|---|
r-devel-linux-x86_64-debian-clang | 2.9.0 | 75.37 | 130.08 | 205.45 | OK | |
r-devel-linux-x86_64-debian-gcc | 2.9.0 | 58.92 | 84.24 | 143.16 | NOTE | |
r-devel-linux-x86_64-fedora-clang | 2.9.0 | 362.80 | NOTE | |||
r-devel-linux-x86_64-fedora-gcc | 2.9.0 | 401.19 | NOTE | |||
r-devel-windows-x86_64 | 2.9.0 | 132.00 | 439.00 | 571.00 | OK | |
r-patched-linux-x86_64 | 2.9.0 | 77.96 | 121.08 | 199.04 | OK | |
r-release-linux-x86_64 | 2.9.0 | 77.75 | 122.00 | 199.75 | OK | |
r-release-macos-arm64 | 2.9.0 | 169.00 | OK | |||
r-release-macos-x86_64 | 2.9.0 | 223.00 | OK | |||
r-release-windows-x86_64 | 2.9.0 | 133.00 | 472.00 | 605.00 | OK | |
r-oldrel-macos-arm64 | 2.9.0 | 181.00 | NOTE | |||
r-oldrel-macos-x86_64 | 2.9.0 | 205.00 | NOTE | |||
r-oldrel-windows-x86_64 | 2.9.0 | 148.00 | 628.00 | 776.00 | NOTE |
Version: 2.9.0
Check: HTML version of manual
Result: NOTE
Found the following HTML validation problems:
as_EBImage.html:47:1 (as_EBImage.Rd:10): Warning: missing </ul> before </div>
Flavors: r-devel-linux-x86_64-debian-gcc, r-devel-linux-x86_64-fedora-clang, r-devel-linux-x86_64-fedora-gcc
Version: 2.9.0
Check: installed package size
Result: NOTE
installed size is 59.5Mb
sub-directories of 1Mb or more:
doc 6.3Mb
libs 52.5Mb
Flavors: r-oldrel-macos-arm64, r-oldrel-macos-x86_64, r-oldrel-windows-x86_64