Last updated on 2025-10-23 08:49:59 CEST.
Flavor | Version | Tinstall | Tcheck | Ttotal | Status | Flags |
---|---|---|---|---|---|---|
r-devel-linux-x86_64-debian-clang | 1.1.1 | 8.86 | 147.74 | 156.60 | NOTE | |
r-devel-linux-x86_64-debian-gcc | 1.1.1 | 6.16 | 101.40 | 107.56 | OK | |
r-devel-linux-x86_64-fedora-clang | 1.1.1 | 24.00 | 222.83 | 246.83 | OK | |
r-devel-linux-x86_64-fedora-gcc | 1.1.1 | 19.00 | 239.08 | 258.08 | OK | |
r-devel-windows-x86_64 | 1.1.1 | 11.00 | 171.00 | 182.00 | OK | |
r-patched-linux-x86_64 | 1.1.1 | 9.14 | 146.04 | 155.18 | OK | |
r-release-linux-x86_64 | 1.1.1 | 7.98 | 145.32 | 153.30 | OK | |
r-release-macos-arm64 | 1.1.1 | 4.00 | 66.00 | 70.00 | OK | |
r-release-macos-x86_64 | 1.1.1 | 13.00 | 161.00 | 174.00 | OK | |
r-release-windows-x86_64 | 1.1.1 | 13.00 | 162.00 | 175.00 | OK | |
r-oldrel-macos-arm64 | 1.1.1 | 4.00 | 71.00 | 75.00 | OK | |
r-oldrel-macos-x86_64 | 1.1.1 | 13.00 | 166.00 | 179.00 | OK | |
r-oldrel-windows-x86_64 | 1.1.1 | 15.00 | 212.00 | 227.00 | OK |
Version: 1.1.1
Check: HTML version of manual
Result: NOTE
Found the following HTML validation problems:
print-methods.html:47:1 (print-methods.Rd:12): Warning: missing </ul> before </div>
show-methods.html:47:1 (show-methods.Rd:12): Warning: missing </ul> before </div>
Flavor: r-devel-linux-x86_64-debian-clang