CRAN Package Check Results for Package log

Last updated on 2025-10-21 04:50:21 CEST.

Flavor Version Tinstall Tcheck Ttotal Status Flags
r-devel-linux-x86_64-debian-clang 1.1.1 3.83 25.84 29.67 NOTE
r-devel-linux-x86_64-debian-gcc 1.1.1 2.72 21.10 23.82 NOTE
r-devel-linux-x86_64-fedora-clang 1.1.1 42.78 NOTE
r-devel-linux-x86_64-fedora-gcc 1.1.1 39.74 NOTE
r-devel-windows-x86_64 1.1.1 4.00 45.00 49.00 NOTE
r-patched-linux-x86_64 1.1.1 3.20 23.35 26.55 NOTE
r-release-linux-x86_64 1.1.1 3.30 23.28 26.58 NOTE
r-release-macos-arm64 1.1.1 20.00 NOTE
r-release-macos-x86_64 1.1.1 31.00 NOTE
r-release-windows-x86_64 1.1.1 6.00 46.00 52.00 NOTE
r-oldrel-macos-arm64 1.1.1 17.00 OK
r-oldrel-macos-x86_64 1.1.1 25.00 OK
r-oldrel-windows-x86_64 1.1.1 4.00 51.00 55.00 OK

Check Details

Version: 1.1.1
Check: DESCRIPTION meta-information
Result: NOTE Missing dependency on R >= 4.1.0 because package code uses the pipe |> or function shorthand \(...) syntax added in R 4.1.0. File(s) using such syntax: ‘logger.R’ Flavors: r-devel-linux-x86_64-debian-clang, r-devel-linux-x86_64-debian-gcc, r-devel-linux-x86_64-fedora-clang, r-devel-linux-x86_64-fedora-gcc, r-devel-windows-x86_64, r-patched-linux-x86_64, r-release-linux-x86_64, r-release-macos-arm64, r-release-macos-x86_64, r-release-windows-x86_64

Version: 1.1.1
Check: HTML version of manual
Result: NOTE Found the following HTML validation problems: Logger.html:150:1 (Logger.Rd:161): Warning: <h5> anchor "Usage" already defined Logger.html:156:1 (Logger.Rd:165): Warning: <h5> anchor "Arguments" already defined Logger.html:170:1 (Logger.Rd:173): Warning: <h5> anchor "Details" already defined Logger.html:177:1 (Logger.Rd:177): Warning: <h5> anchor "Examples" already defined Logger.html:195:1 (Logger.Rd:191): Warning: <h5> anchor "Usage" already defined Logger.html:201:1 (Logger.Rd:195): Warning: <h5> anchor "Arguments" already defined Logger.html:215:1 (Logger.Rd:203): Warning: <h5> anchor "Details" already defined Logger.html:222:1 (Logger.Rd:207): Warning: <h5> anchor "Examples" already defined Logger.html:240:1 (Logger.Rd:221): Warning: <h5> anchor "Usage" already defined Logger.html:246:1 (Logger.Rd:225): Warning: <h5> anchor "Details" already defined Logger.html:253:1 (Logger.Rd:229): Warning: <h5> anchor "Examples" already defined Logger.html:271:1 (Logger.Rd:243): Warning: <h5> anchor "Usage" already defined Logger.html:277:1 (Logger.Rd:247): Warning: <h5> anchor "Arguments" already defined Logger.html:291:1 (Logger.Rd:255): Warning: <h5> anchor "Details" already defined Logger.html:298:1 (Logger.Rd:259): Warning: <h5> anchor "Examples" already defined Logger.html:316:1 (Logger.Rd:273): Warning: <h5> anchor "Usage" already defined Logger.html:322:1 (Logger.Rd:277): Warning: <h5> anchor "Details" already defined Logger.html:329:1 (Logger.Rd:281): Warning: <h5> anchor "Examples" already defined Logger.html:347:1 (Logger.Rd:295): Warning: <h5> anchor "Usage" already defined Logger.html:353:1 (Logger.Rd:299): Warning: <h5> anchor "Arguments" already defined Logger.html:367:1 (Logger.Rd:307): Warning: <h5> anchor "Details" already defined Logger.html:374:1 (Logger.Rd:311): Warning: <h5> anchor "Examples" already defined Logger.html:396:1 (Logger.Rd:329): Warning: <h5> anchor "Usage" already defined Logger.html:402:1 (Logger.Rd:333): Warning: <h5> anchor "Arguments" already defined Logger.html:417:1 (Logger.Rd:342): Warning: <h5> anchor "Details" already defined Logger.html:424:1 (Logger.Rd:346): Warning: <h5> anchor "Examples" already defined Logger.html:442:1 (Logger.Rd:360): Warning: <h5> anchor "Usage" already defined Logger.html:448:1 (Logger.Rd:364): Warning: <h5> anchor "Arguments" already defined Logger.html:461:1 (Logger.Rd:371): Warning: <h5> anchor "Details" already defined Logger.html:468:1 (Logger.Rd:375): Warning: <h5> anchor "Examples" already defined Logger.html:489:1 (Logger.Rd:391): Warning: <h5> anchor "Usage" already defined Logger.html:495:1 (Logger.Rd:395): Warning: <h5> anchor "Arguments" already defined checkInstalled.html:46:1 (checkInstalled.Rd:10): Warning: missing </ul> before </div> plumber.html:61:1 (plumber.Rd:20): Warning: missing </ul> before </div> shiny.html:62:1 (shiny.Rd:21): Warning: missing </ul> before </div> Flavor: r-devel-linux-x86_64-debian-gcc

Version: 1.1.1
Check: dependencies in R code
Result: NOTE Namespace in Imports field not imported from: ‘R6’ All declared Imports should be used. Flavors: r-devel-linux-x86_64-fedora-clang, r-devel-linux-x86_64-fedora-gcc