CRAN Package Check Results for Package localFDA

Last updated on 2025-10-08 10:49:43 CEST.

Flavor Version Tinstall Tcheck Ttotal Status Flags
r-devel-linux-x86_64-debian-clang 1.0.0 2.26 28.27 30.53 NOTE
r-devel-linux-x86_64-debian-gcc 1.0.0 1.76 20.94 22.70 NOTE
r-devel-linux-x86_64-fedora-clang 1.0.0 45.79 OK
r-devel-linux-x86_64-fedora-gcc 1.0.0 43.64 OK
r-devel-windows-x86_64 1.0.0 3.00 48.00 51.00 OK
r-patched-linux-x86_64 1.0.0 2.25 26.74 28.99 OK
r-release-linux-x86_64 1.0.0 2.21 27.11 29.32 OK
r-release-macos-arm64 1.0.0 21.00 OK
r-release-macos-x86_64 1.0.0 31.00 OK
r-release-windows-x86_64 1.0.0 4.00 50.00 54.00 OK
r-oldrel-macos-arm64 1.0.0 17.00 OK
r-oldrel-macos-x86_64 1.0.0 28.00 OK
r-oldrel-windows-x86_64 1.0.0 3.00 47.00 50.00 OK

Check Details

Version: 1.0.0
Check: CRAN incoming feasibility
Result: NOTE Maintainer: ‘Antonio Elías <antonioefz91@gmail.com>’ The Description field contains <arXiv:2007.16059>. Please refer to arXiv e-prints via their arXiv DOI <doi:10.48550/arXiv.YYMM.NNNNN>. The BugReports field in DESCRIPTION has https://github.com/aefdz/localFDA which should likely be https://github.com/aefdz/localFDA/issues instead. Flavors: r-devel-linux-x86_64-debian-clang, r-devel-linux-x86_64-debian-gcc