Last updated on 2025-11-02 13:49:42 CET.
| Flavor | Version | Tinstall | Tcheck | Ttotal | Status | Flags |
|---|---|---|---|---|---|---|
| r-devel-linux-x86_64-debian-clang | 1.2.0 | 1.58 | 18.76 | 20.34 | NOTE | |
| r-devel-linux-x86_64-debian-gcc | 1.2.0 | 1.24 | 16.47 | 17.71 | NOTE | |
| r-devel-linux-x86_64-fedora-clang | 1.2.0 | 30.49 | OK | |||
| r-devel-linux-x86_64-fedora-gcc | 1.2.0 | 28.28 | OK | |||
| r-devel-windows-x86_64 | 1.2.0 | 2.00 | 44.00 | 46.00 | OK | |
| r-patched-linux-x86_64 | 1.2.0 | 1.52 | 17.76 | 19.28 | OK | |
| r-release-linux-x86_64 | 1.2.0 | 1.38 | 17.60 | 18.98 | OK | |
| r-release-macos-arm64 | 1.2.0 | 1.00 | 14.00 | 15.00 | OK | |
| r-release-macos-x86_64 | 1.2.0 | 1.00 | 23.00 | 24.00 | OK | |
| r-release-windows-x86_64 | 1.2.0 | 3.00 | 36.00 | 39.00 | OK | |
| r-oldrel-macos-arm64 | 1.2.0 | 1.00 | 13.00 | 14.00 | OK | |
| r-oldrel-macos-x86_64 | 1.2.0 | 1.00 | 19.00 | 20.00 | OK | |
| r-oldrel-windows-x86_64 | 1.2.0 | 3.00 | 43.00 | 46.00 | OK |
Version: 1.2.0
Check: CRAN incoming feasibility
Result: NOTE
Maintainer: ‘Russell S. Pierce <russell.s.pierce@gmail.com>’
No Authors@R field in DESCRIPTION.
Please add one, modifying
Authors@R: person(given = c("Russell", "S."),
family = "Pierce",
role = c("aut", "cre"),
email = "russell.s.pierce@gmail.com")
as necessary.
The BugReports field in DESCRIPTION has
https://github.com/drknexus/listWithDefaults
which should likely be
https://github.com/drknexus/listWithDefaults/issues
instead.
Flavors: r-devel-linux-x86_64-debian-clang, r-devel-linux-x86_64-debian-gcc