Last updated on 2025-10-24 04:50:57 CEST.
| Flavor | Version | Tinstall | Tcheck | Ttotal | Status | Flags |
|---|---|---|---|---|---|---|
| r-devel-linux-x86_64-debian-clang | 1.1.2 | 2.28 | 35.07 | 37.35 | NOTE | |
| r-devel-linux-x86_64-debian-gcc | 1.1.2 | 1.72 | 27.77 | 29.49 | OK | |
| r-devel-linux-x86_64-fedora-clang | 1.1.2 | 56.68 | OK | |||
| r-devel-linux-x86_64-fedora-gcc | 1.1.2 | 65.39 | OK | |||
| r-devel-windows-x86_64 | 1.1.2 | 3.00 | 58.00 | 61.00 | OK | |
| r-patched-linux-x86_64 | 1.1.2 | 2.57 | 32.26 | 34.83 | OK | |
| r-release-linux-x86_64 | 1.1.2 | 2.42 | 32.31 | 34.73 | OK | |
| r-release-macos-arm64 | 1.1.2 | 1.00 | 25.00 | 26.00 | OK | |
| r-release-macos-x86_64 | 1.1.2 | 2.00 | 45.00 | 47.00 | OK | |
| r-release-windows-x86_64 | 1.1.2 | 3.00 | 59.00 | 62.00 | OK | |
| r-oldrel-macos-arm64 | 1.1.2 | 1.00 | 25.00 | 26.00 | OK | |
| r-oldrel-macos-x86_64 | 1.1.2 | 2.00 | 35.00 | 37.00 | OK | |
| r-oldrel-windows-x86_64 | 1.1.2 | 4.00 | 65.00 | 69.00 | OK |
Version: 1.1.2
Check: HTML version of manual
Result: NOTE
Found the following HTML validation problems:
pkprofile-methods.html:61:1 (pkprofile-methods.Rd:23): Warning: missing </ul> before </div>
Flavor: r-devel-linux-x86_64-debian-clang