CRAN Package Check Results for Package likelihoodExplore

Last updated on 2025-05-10 08:50:42 CEST.

Flavor Version Tinstall Tcheck Ttotal Status Flags
r-devel-linux-x86_64-debian-clang 0.1.0 3.14 26.38 29.52 OK
r-devel-linux-x86_64-debian-gcc 0.1.0 2.39 20.70 23.09 OK
r-devel-linux-x86_64-fedora-clang 0.1.0 44.63 OK
r-devel-linux-x86_64-fedora-gcc 0.1.0 43.33 OK
r-devel-windows-x86_64 0.1.0 4.00 49.00 53.00 OK
r-patched-linux-x86_64 0.1.0 2.17 25.30 27.47 OK
r-release-linux-x86_64 0.1.0 2.73 25.03 27.76 OK
r-release-macos-arm64 0.1.0 15.00 OK
r-release-macos-x86_64 0.1.0 33.00 OK
r-release-windows-x86_64 0.1.0 4.00 49.00 53.00 OK
r-oldrel-macos-arm64 0.1.0 18.00 NOTE
r-oldrel-macos-x86_64 0.1.0 25.00 NOTE
r-oldrel-windows-x86_64 0.1.0 4.00 54.00 58.00 NOTE

Check Details

Version: 0.1.0
Check: LazyData
Result: NOTE 'LazyData' is specified without a 'data' directory Flavors: r-oldrel-macos-arm64, r-oldrel-macos-x86_64, r-oldrel-windows-x86_64