Last updated on 2025-10-23 08:49:59 CEST.
| Flavor | Version | Tinstall | Tcheck | Ttotal | Status | Flags |
|---|---|---|---|---|---|---|
| r-devel-linux-x86_64-debian-clang | 2.0-7 | 1.78 | 28.32 | 30.10 | NOTE | |
| r-devel-linux-x86_64-debian-gcc | 2.0-7 | 1.55 | 22.64 | 24.19 | NOTE | |
| r-devel-linux-x86_64-fedora-clang | 2.0-7 | 11.00 | 37.65 | 48.65 | OK | |
| r-devel-linux-x86_64-fedora-gcc | 2.0-7 | 57.95 | OK | |||
| r-devel-windows-x86_64 | 2.0-7 | 2.00 | 54.00 | 56.00 | OK | |
| r-patched-linux-x86_64 | 2.0-7 | 2.10 | 27.35 | 29.45 | OK | |
| r-release-linux-x86_64 | 2.0-7 | 1.98 | 27.06 | 29.04 | OK | |
| r-release-macos-arm64 | 2.0-7 | 1.00 | 23.00 | 24.00 | OK | |
| r-release-macos-x86_64 | 2.0-7 | 2.00 | 45.00 | 47.00 | OK | |
| r-release-windows-x86_64 | 2.0-7 | 3.00 | 65.00 | 68.00 | OK | |
| r-oldrel-macos-arm64 | 2.0-7 | 1.00 | 22.00 | 23.00 | OK | |
| r-oldrel-macos-x86_64 | 2.0-7 | 2.00 | 34.00 | 36.00 | OK | |
| r-oldrel-windows-x86_64 | 2.0-7 | 2.00 | 55.00 | 57.00 | OK |
Version: 2.0-7
Check: CRAN incoming feasibility
Result: NOTE
Maintainer: ‘David Leonard <davidsleonard@outlook.com>’
Package CITATION file contains call(s) to old-style personList() or
as.personList(). Please use c() on person objects instead.
Package CITATION file contains call(s) to old-style citEntry(). Please
use bibentry() instead.
Flavors: r-devel-linux-x86_64-debian-clang, r-devel-linux-x86_64-debian-gcc