Last updated on 2025-10-24 04:50:56 CEST.
| Flavor | Version | Tinstall | Tcheck | Ttotal | Status | Flags |
|---|---|---|---|---|---|---|
| r-devel-linux-x86_64-debian-clang | 1.1.1 | 11.74 | 40.29 | 52.03 | NOTE | |
| r-devel-linux-x86_64-debian-gcc | 1.1.1 | 8.71 | 30.45 | 39.16 | NOTE | |
| r-devel-linux-x86_64-fedora-clang | 1.1.1 | 59.00 | 31.22 | 90.22 | OK | |
| r-devel-linux-x86_64-fedora-gcc | 1.1.1 | 28.00 | 48.10 | 76.10 | OK | |
| r-devel-windows-x86_64 | 1.1.1 | 17.00 | 104.00 | 121.00 | OK | |
| r-patched-linux-x86_64 | 1.1.1 | 12.86 | 37.91 | 50.77 | OK | |
| r-release-linux-x86_64 | 1.1.1 | 12.37 | 37.46 | 49.83 | OK | |
| r-release-macos-arm64 | 1.1.1 | 7.00 | 47.00 | 54.00 | OK | |
| r-release-macos-x86_64 | 1.1.1 | 15.00 | 98.00 | 113.00 | OK | |
| r-release-windows-x86_64 | 1.1.1 | 16.00 | 104.00 | 120.00 | OK | |
| r-oldrel-macos-arm64 | 1.1.1 | 7.00 | 43.00 | 50.00 | OK | |
| r-oldrel-macos-x86_64 | 1.1.1 | 8.00 | 54.00 | 62.00 | OK | |
| r-oldrel-windows-x86_64 | 1.1.1 | 19.00 | 128.00 | 147.00 | OK |
Version: 1.1.1
Check: CRAN incoming feasibility
Result: NOTE
Maintainer: ‘Kristof Meers <kristof.meers+cran@kuleuven.be>’
The Description field contains
detection proposed by Arlot et al. (2012) <arXiv:1202.3878> is then
Please refer to arXiv e-prints via their arXiv DOI <doi:10.48550/arXiv.YYMM.NNNNN>.
Flavors: r-devel-linux-x86_64-debian-clang, r-devel-linux-x86_64-debian-gcc