Last updated on 2025-10-24 04:50:56 CEST.
| Flavor | Version | Tinstall | Tcheck | Ttotal | Status | Flags |
|---|---|---|---|---|---|---|
| r-devel-linux-x86_64-debian-clang | 3.2.5 | 6.61 | 58.13 | 64.74 | NOTE | |
| r-devel-linux-x86_64-debian-gcc | 3.2.5 | 3.81 | 43.22 | 47.03 | OK | |
| r-devel-linux-x86_64-fedora-clang | 3.2.5 | 16.00 | 82.12 | 98.12 | OK | |
| r-devel-linux-x86_64-fedora-gcc | 3.2.5 | 14.00 | 90.61 | 104.61 | OK | |
| r-devel-windows-x86_64 | 3.2.5 | 7.00 | 71.00 | 78.00 | OK | |
| r-patched-linux-x86_64 | 3.2.5 | 6.91 | 54.31 | 61.22 | OK | |
| r-release-linux-x86_64 | 3.2.5 | 5.98 | 55.00 | 60.98 | OK | |
| r-release-macos-arm64 | 3.2.5 | 3.00 | 32.00 | 35.00 | OK | |
| r-release-macos-x86_64 | 3.2.5 | 5.00 | 64.00 | 69.00 | OK | |
| r-release-windows-x86_64 | 3.2.5 | 7.00 | 73.00 | 80.00 | OK | |
| r-oldrel-macos-arm64 | 3.2.5 | 2.00 | 31.00 | 33.00 | OK | |
| r-oldrel-macos-x86_64 | 3.2.5 | 4.00 | 49.00 | 53.00 | OK | |
| r-oldrel-windows-x86_64 | 3.2.5 | 10.00 | 92.00 | 102.00 | OK |
Version: 3.2.5
Check: HTML version of manual
Result: NOTE
Found the following HTML validation problems:
create_jaatha_model.html:65:1 (create_jaatha_model.Rd:20): Warning: missing </ul> before </div>
create_jaatha_model.coalmodel.html:116:1 (create_jaatha_model.coalmodel.Rd:58): Warning: missing </ul> before </div>
create_jaatha_model.default.html:63:1 (create_jaatha_model.default.Rd:20): Warning: missing </ul> before </div>
estimate_llh.html:91:1 (estimate_llh.Rd:38): Warning: missing </ul> before </div>
Flavor: r-devel-linux-x86_64-debian-clang