Last updated on 2025-10-23 08:49:58 CEST.
| Flavor | Version | Tinstall | Tcheck | Ttotal | Status | Flags |
|---|---|---|---|---|---|---|
| r-devel-linux-x86_64-debian-clang | 0.0.1 | 6.67 | 58.12 | 64.79 | NOTE | |
| r-devel-linux-x86_64-debian-gcc | 0.0.1 | 5.49 | 44.52 | 50.01 | NOTE | |
| r-devel-linux-x86_64-fedora-clang | 0.0.1 | 17.00 | 80.78 | 97.78 | OK | |
| r-devel-linux-x86_64-fedora-gcc | 0.0.1 | 15.00 | 74.15 | 89.15 | OK | |
| r-devel-windows-x86_64 | 0.0.1 | 7.00 | 71.00 | 78.00 | OK | |
| r-patched-linux-x86_64 | 0.0.1 | 6.85 | 55.03 | 61.88 | OK | |
| r-release-linux-x86_64 | 0.0.1 | 6.13 | 53.90 | 60.03 | OK | |
| r-release-macos-arm64 | 0.0.1 | 4.00 | 30.00 | 34.00 | OK | |
| r-release-macos-x86_64 | 0.0.1 | 6.00 | 50.00 | 56.00 | OK | |
| r-release-windows-x86_64 | 0.0.1 | 8.00 | 74.00 | 82.00 | OK | |
| r-oldrel-macos-arm64 | 0.0.1 | 3.00 | 28.00 | 31.00 | OK | |
| r-oldrel-macos-x86_64 | 0.0.1 | 5.00 | 39.00 | 44.00 | OK | |
| r-oldrel-windows-x86_64 | 0.0.1 | 11.00 | 83.00 | 94.00 | OK |
Version: 0.0.1
Check: CRAN incoming feasibility
Result: NOTE
Maintainer: ‘Jared Huling <jaredhuling@gmail.com>’
The Description field contains
proposed in Huling, Greifer, and Chen (2021) <arxiv:2107.07086>.
Please refer to arXiv e-prints via their arXiv DOI <doi:10.48550/arXiv.YYMM.NNNNN>.
Flavors: r-devel-linux-x86_64-debian-clang, r-devel-linux-x86_64-debian-gcc