CRAN Package Check Results for Package imager

Last updated on 2025-06-14 08:49:34 CEST.

Flavor Version Tinstall Tcheck Ttotal Status Flags
r-devel-linux-x86_64-debian-clang 1.0.3 466.24 173.03 639.27 OK
r-devel-linux-x86_64-debian-gcc 1.0.3 444.46 124.24 568.70 OK
r-devel-linux-x86_64-fedora-clang 1.0.3 1040.88 OK
r-devel-linux-x86_64-fedora-gcc 1.0.3 1681.54 OK
r-devel-windows-x86_64 1.0.3 612.00 270.00 882.00 OK
r-patched-linux-x86_64 1.0.3 669.71 165.56 835.27 OK
r-release-linux-x86_64 1.0.3 640.77 166.12 806.89 OK
r-release-macos-arm64 1.0.3 221.00 OK
r-release-macos-x86_64 1.0.3 423.00 OK
r-release-windows-x86_64 1.0.3 618.00 270.00 888.00 OK
r-oldrel-macos-arm64 1.0.3 185.00 NOTE
r-oldrel-macos-x86_64 1.0.3 313.00 NOTE
r-oldrel-windows-x86_64 1.0.3 743.00 340.00 1083.00 NOTE

Check Details

Version: 1.0.3
Check: installed package size
Result: NOTE installed size is 34.1Mb sub-directories of 1Mb or more: data 1.4Mb doc 3.7Mb extdata 1.0Mb include 3.3Mb libs 24.0Mb Flavors: r-oldrel-macos-arm64, r-oldrel-macos-x86_64, r-oldrel-windows-x86_64