Last updated on 2024-07-27 03:49:31 CEST.
Flavor | Version | Tinstall | Tcheck | Ttotal | Status | Flags |
---|---|---|---|---|---|---|
r-devel-linux-x86_64-debian-clang | 1.0.3 | 38.80 | 72.44 | 111.24 | NOTE | |
r-devel-linux-x86_64-debian-gcc | 1.0.3 | 26.39 | 52.78 | 79.17 | NOTE | |
r-devel-linux-x86_64-fedora-clang | 1.0.3 | 180.13 | NOTE | |||
r-devel-linux-x86_64-fedora-gcc | 1.0.3 | 142.90 | NOTE | |||
r-devel-windows-x86_64 | 1.0.3 | 34.00 | 92.00 | 126.00 | NOTE | |
r-patched-linux-x86_64 | 1.0.3 | NOTE | ||||
r-release-linux-x86_64 | 1.0.3 | 24.78 | 68.70 | 93.48 | NOTE | |
r-release-macos-arm64 | 1.0.3 | 39.00 | NOTE | |||
r-release-macos-x86_64 | 1.0.3 | 81.00 | NOTE | |||
r-release-windows-x86_64 | 1.0.3 | 43.00 | 94.00 | 137.00 | NOTE | |
r-oldrel-macos-arm64 | 1.0.3 | 39.00 | NOTE | |||
r-oldrel-macos-x86_64 | 1.0.3 | 70.00 | NOTE | |||
r-oldrel-windows-x86_64 | 1.0.3 | 42.00 | 111.00 | 153.00 | NOTE |
Version: 1.0.3
Check: C++ specification
Result: NOTE
Specified C++11: please drop specification unless essential
Flavors: r-devel-linux-x86_64-debian-clang, r-devel-linux-x86_64-debian-gcc, r-devel-linux-x86_64-fedora-clang, r-devel-linux-x86_64-fedora-gcc, r-devel-windows-x86_64, r-patched-linux-x86_64, r-release-linux-x86_64, r-release-macos-arm64, r-release-macos-x86_64, r-release-windows-x86_64, r-oldrel-macos-arm64, r-oldrel-macos-x86_64, r-oldrel-windows-x86_64
Version: 1.0.3
Check: Rd cross-references
Result: NOTE
Undeclared packages ‘mlogit’, ‘logitr’ in Rd xrefs
Flavor: r-devel-linux-x86_64-fedora-clang