Last updated on 2025-10-21 04:50:19 CEST.
Flavor | Version | Tinstall | Tcheck | Ttotal | Status | Flags |
---|---|---|---|---|---|---|
r-devel-linux-x86_64-debian-clang | 1.1.0 | 1.94 | 27.22 | 29.16 | NOTE | |
r-devel-linux-x86_64-debian-gcc | 1.1.0 | 1.39 | 23.16 | 24.55 | NOTE | |
r-devel-linux-x86_64-fedora-clang | 1.1.0 | 44.81 | NOTE | |||
r-devel-linux-x86_64-fedora-gcc | 1.1.0 | 52.72 | NOTE | |||
r-devel-windows-x86_64 | 1.1.0 | 4.00 | 46.00 | 50.00 | NOTE | |
r-patched-linux-x86_64 | 1.1.0 | 2.02 | 24.79 | 26.81 | NOTE | |
r-release-linux-x86_64 | 1.1.0 | 1.85 | 25.33 | 27.18 | NOTE | |
r-release-macos-arm64 | 1.1.0 | 36.00 | NOTE | |||
r-release-macos-x86_64 | 1.1.0 | 41.00 | NOTE | |||
r-release-windows-x86_64 | 1.1.0 | 5.00 | 48.00 | 53.00 | NOTE | |
r-oldrel-macos-arm64 | 1.1.0 | 24.00 | OK | |||
r-oldrel-macos-x86_64 | 1.1.0 | 34.00 | OK | |||
r-oldrel-windows-x86_64 | 1.1.0 | 5.00 | 53.00 | 58.00 | OK |
Version: 1.1.0
Check: DESCRIPTION meta-information
Result: NOTE
Missing dependency on R >= 4.1.0 because package code uses the pipe
|> or function shorthand \(...) syntax added in R 4.1.0.
File(s) using such syntax:
‘hypothesis-api.R’
Flavors: r-devel-linux-x86_64-debian-clang, r-devel-linux-x86_64-debian-gcc, r-devel-linux-x86_64-fedora-clang, r-devel-linux-x86_64-fedora-gcc, r-devel-windows-x86_64, r-patched-linux-x86_64, r-release-linux-x86_64, r-release-macos-arm64, r-release-macos-x86_64, r-release-windows-x86_64
Version: 1.1.0
Check: HTML version of manual
Result: NOTE
Found the following HTML validation problems:
api_params.html:53:1 (api_params.Rd:14): Warning: missing </ul> before </div>
get_profile.html:51:1 (get_profile.Rd:13): Warning: missing </ul> before </div>
get_profile_groups.html:51:1 (get_profile_groups.Rd:13): Warning: missing </ul> before </div>
hs_api_handler.html:69:1 (hs_api_handler.Rd:25): Warning: missing </ul> before </div>
Flavor: r-devel-linux-x86_64-debian-gcc