Last updated on 2025-11-03 07:48:40 CET.
| Flavor | Version | Tinstall | Tcheck | Ttotal | Status | Flags | 
|---|---|---|---|---|---|---|
| r-devel-linux-x86_64-debian-clang | 1.2 | 2.64 | 26.13 | 28.77 | NOTE | |
| r-devel-linux-x86_64-debian-gcc | 1.2 | 2.08 | 21.44 | 23.52 | NOTE | |
| r-devel-linux-x86_64-fedora-clang | 1.2 | 42.07 | OK | |||
| r-devel-linux-x86_64-fedora-gcc | 1.2 | 38.90 | OK | |||
| r-devel-windows-x86_64 | 1.2 | 5.00 | 50.00 | 55.00 | OK | |
| r-patched-linux-x86_64 | 1.2 | 2.54 | 25.10 | 27.64 | OK | |
| r-release-linux-x86_64 | 1.2 | 2.48 | 25.05 | 27.53 | OK | |
| r-release-macos-arm64 | 1.2 | 2.00 | 24.00 | 26.00 | OK | |
| r-release-macos-x86_64 | 1.2 | 3.00 | 33.00 | 36.00 | OK | |
| r-release-windows-x86_64 | 1.2 | 5.00 | 48.00 | 53.00 | OK | |
| r-oldrel-macos-arm64 | 1.2 | 1.00 | 18.00 | 19.00 | OK | |
| r-oldrel-macos-x86_64 | 1.2 | 2.00 | 26.00 | 28.00 | OK | |
| r-oldrel-windows-x86_64 | 1.2 | 5.00 | 54.00 | 59.00 | OK | 
Version: 1.2
Check: CRAN incoming feasibility
Result: NOTE
  Maintainer: ‘Dustin Sallings <dustin@spy.net>’
  
  No Authors@R field in DESCRIPTION.
  Please add one, modifying
    Authors@R: person(given = "Dustin",
                      family = "Sallings",
                      role = c("aut", "cre"),
                      email = "dustin@spy.net")
  as necessary.
Flavors: r-devel-linux-x86_64-debian-clang, r-devel-linux-x86_64-debian-gcc