Last updated on 2025-10-22 05:51:12 CEST.
Flavor | Version | Tinstall | Tcheck | Ttotal | Status | Flags |
---|---|---|---|---|---|---|
r-devel-linux-x86_64-debian-clang | 0.0.5 | 4.90 | 83.36 | 88.26 | NOTE | |
r-devel-linux-x86_64-debian-gcc | 0.0.5 | 3.60 | 58.47 | 62.07 | NOTE | |
r-devel-linux-x86_64-fedora-clang | 0.0.5 | 16.00 | 118.49 | 134.49 | OK | |
r-devel-linux-x86_64-fedora-gcc | 0.0.5 | 11.00 | 122.40 | 133.40 | OK | |
r-devel-windows-x86_64 | 0.0.5 | 8.00 | 90.00 | 98.00 | OK | |
r-patched-linux-x86_64 | 0.0.5 | 4.70 | 78.51 | 83.21 | OK | |
r-release-linux-x86_64 | 0.0.5 | 4.50 | 77.18 | 81.68 | OK | |
r-release-macos-arm64 | 0.0.5 | 2.00 | 43.00 | 45.00 | OK | |
r-release-macos-x86_64 | 0.0.5 | 5.00 | 91.00 | 96.00 | OK | |
r-release-windows-x86_64 | 0.0.5 | 9.00 | 94.00 | 103.00 | OK | |
r-oldrel-macos-arm64 | 0.0.5 | 3.00 | 43.00 | 46.00 | OK | |
r-oldrel-macos-x86_64 | 0.0.5 | 4.00 | 71.00 | 75.00 | OK | |
r-oldrel-windows-x86_64 | 0.0.5 | 10.00 | 118.00 | 128.00 | OK |
Version: 0.0.5
Check: HTML version of manual
Result: NOTE
Found the following HTML validation problems:
calc_mse_.html:56:1 (calc_mse_.Rd:14): Warning: missing </ul> before </div>
Flavors: r-devel-linux-x86_64-debian-clang, r-devel-linux-x86_64-debian-gcc