Last updated on 2025-10-23 08:49:57 CEST.
| Flavor | Version | Tinstall | Tcheck | Ttotal | Status | Flags |
|---|---|---|---|---|---|---|
| r-devel-linux-x86_64-debian-clang | 1.0 | 10.08 | 104.95 | 115.03 | NOTE | |
| r-devel-linux-x86_64-debian-gcc | 1.0 | 7.25 | 73.28 | 80.53 | NOTE | |
| r-devel-linux-x86_64-fedora-clang | 1.0 | 44.00 | 141.68 | 185.68 | OK | |
| r-devel-linux-x86_64-fedora-gcc | 1.0 | 22.00 | 136.24 | 158.24 | OK | |
| r-devel-windows-x86_64 | 1.0 | 13.00 | 98.00 | 111.00 | OK | |
| r-patched-linux-x86_64 | 1.0 | 10.81 | 95.89 | 106.70 | OK | |
| r-release-linux-x86_64 | 1.0 | 9.50 | 96.91 | 106.41 | OK | |
| r-release-macos-arm64 | 1.0 | 5.00 | 42.00 | 47.00 | OK | |
| r-release-macos-x86_64 | 1.0 | 8.00 | 71.00 | 79.00 | OK | |
| r-release-windows-x86_64 | 1.0 | 13.00 | 97.00 | 110.00 | OK | |
| r-oldrel-macos-arm64 | 1.0 | 4.00 | 37.00 | 41.00 | NOTE | |
| r-oldrel-macos-x86_64 | 1.0 | 7.00 | 55.00 | 62.00 | NOTE | |
| r-oldrel-windows-x86_64 | 1.0 | 16.00 | 129.00 | 145.00 | NOTE |
Version: 1.0
Check: CRAN incoming feasibility
Result: NOTE
Maintainer: ‘Nicolas Sauwen <nicolas.sauwen@openanalytics.eu>’
No Authors@R field in DESCRIPTION.
Please add one, modifying
Authors@R: person(given = "Nicolas",
family = "Sauwen",
role = c("aut", "cre"),
email = "nicolas.sauwen@openanalytics.eu")
as necessary.
Flavors: r-devel-linux-x86_64-debian-clang, r-devel-linux-x86_64-debian-gcc
Version: 1.0
Check: HTML version of manual
Result: NOTE
Found the following HTML validation problems:
initializeNMF.html:50:1 (initializeNMF.Rd:12): Warning: missing </ul> before </div>
Flavor: r-devel-linux-x86_64-debian-clang
Version: 1.0
Check: LazyData
Result: NOTE
'LazyData' is specified without a 'data' directory
Flavors: r-oldrel-macos-arm64, r-oldrel-macos-x86_64, r-oldrel-windows-x86_64