Last updated on 2025-10-24 04:50:54 CEST.
| Flavor | Version | Tinstall | Tcheck | Ttotal | Status | Flags |
|---|---|---|---|---|---|---|
| r-devel-linux-x86_64-debian-clang | 1.3.1 | 2.01 | 23.59 | 25.60 | NOTE | |
| r-devel-linux-x86_64-debian-gcc | 1.3.1 | 1.48 | 19.14 | 20.62 | NOTE | |
| r-devel-linux-x86_64-fedora-clang | 1.3.1 | 37.11 | OK | |||
| r-devel-linux-x86_64-fedora-gcc | 1.3.1 | 35.39 | OK | |||
| r-devel-windows-x86_64 | 1.3.1 | 3.00 | 45.00 | 48.00 | OK | |
| r-patched-linux-x86_64 | 1.3.1 | 2.10 | 22.05 | 24.15 | OK | |
| r-release-linux-x86_64 | 1.3.1 | 1.73 | 21.93 | 23.66 | OK | |
| r-release-macos-arm64 | 1.3.1 | 1.00 | 15.00 | 16.00 | OK | |
| r-release-macos-x86_64 | 1.3.1 | 2.00 | 25.00 | 27.00 | OK | |
| r-release-windows-x86_64 | 1.3.1 | 3.00 | 45.00 | 48.00 | OK | |
| r-oldrel-macos-arm64 | 1.3.1 | 1.00 | 14.00 | 15.00 | OK | |
| r-oldrel-macos-x86_64 | 1.3.1 | 2.00 | 21.00 | 23.00 | OK | |
| r-oldrel-windows-x86_64 | 1.3.1 | 4.00 | 51.00 | 55.00 | OK |
Version: 1.3.1
Check: CRAN incoming feasibility
Result: NOTE
Maintainer: ‘Daniel Rodriguez <daniel.rodriguez.perez@gmail.com>’
No Authors@R field in DESCRIPTION.
Please add one, modifying
Authors@R: person(given = "Daniel",
family = "Rodriguez",
role = c("aut", "cre"),
email = "daniel.rodriguez.perez@gmail.com")
as necessary.
Flavors: r-devel-linux-x86_64-debian-clang, r-devel-linux-x86_64-debian-gcc