Last updated on 2025-10-21 04:50:17 CEST.
Flavor | Version | Tinstall | Tcheck | Ttotal | Status | Flags |
---|---|---|---|---|---|---|
r-devel-linux-x86_64-debian-clang | 0.6.2 | 21.48 | 380.83 | 402.31 | OK | |
r-devel-linux-x86_64-debian-gcc | 0.6.2 | 15.72 | 253.49 | 269.21 | NOTE | |
r-devel-linux-x86_64-fedora-clang | 0.6.2 | 668.02 | NOTE | |||
r-devel-linux-x86_64-fedora-gcc | 0.6.2 | 643.67 | NOTE | |||
r-devel-windows-x86_64 | 0.6.2 | 24.00 | 367.00 | 391.00 | OK | |
r-patched-linux-x86_64 | 0.6.2 | 21.78 | 366.25 | 388.03 | OK | |
r-release-linux-x86_64 | 0.6.2 | 18.79 | 364.94 | 383.73 | OK | |
r-release-macos-arm64 | 0.6.2 | 125.00 | OK | |||
r-release-macos-x86_64 | 0.6.2 | 300.00 | OK | |||
r-release-windows-x86_64 | 0.6.2 | 27.00 | 382.00 | 409.00 | OK | |
r-oldrel-macos-arm64 | 0.6.2 | 123.00 | OK | |||
r-oldrel-macos-x86_64 | 0.6.2 | 268.00 | OK | |||
r-oldrel-windows-x86_64 | 0.6.2 | 34.00 | 516.00 | 550.00 | OK |
Version: 0.6.2
Check: HTML version of manual
Result: NOTE
Found the following HTML validation problems:
reverselog_trans.html:46:1 (reverselog_trans.Rd:10): Warning: missing </ul> before </div>
Flavors: r-devel-linux-x86_64-debian-gcc, r-devel-linux-x86_64-fedora-clang, r-devel-linux-x86_64-fedora-gcc