CRAN Package Check Results for Package ggpackets

Last updated on 2025-10-21 04:50:17 CEST.

Flavor Version Tinstall Tcheck Ttotal Status Flags
r-devel-linux-x86_64-debian-clang 0.2.2 6.58 95.54 102.12 OK
r-devel-linux-x86_64-debian-gcc 0.2.2 4.48 69.21 73.69 NOTE
r-devel-linux-x86_64-fedora-clang 0.2.2 157.69 OK
r-devel-linux-x86_64-fedora-gcc 0.2.2 159.29 OK
r-devel-windows-x86_64 0.2.2 9.00 99.00 108.00 OK
r-patched-linux-x86_64 0.2.2 6.78 90.12 96.90 OK
r-release-linux-x86_64 0.2.2 6.68 87.99 94.67 OK
r-release-macos-arm64 0.2.2 40.00 OK
r-release-macos-x86_64 0.2.2 90.00 OK
r-release-windows-x86_64 0.2.2 10.00 100.00 110.00 OK
r-oldrel-macos-arm64 0.2.2 46.00 OK
r-oldrel-macos-x86_64 0.2.2 96.00 OK
r-oldrel-windows-x86_64 0.2.2 12.00 130.00 142.00 OK

Check Details

Version: 0.2.2
Check: HTML version of manual
Result: NOTE Found the following HTML validation problems: as.list-ggpacket-method.html:51:1 (as.list-ggpacket-method.Rd:12): Warning: missing </ul> before </div> as_gg_call.html:51:1 (as_gg_call.Rd:13): Warning: missing </ul> before </div> collapse_data.html:48:1 (collapse_data.Rd:12): Warning: missing </ul> before </div> collapse_mappings.html:48:1 (collapse_mappings.Rd:12): Warning: missing </ul> before </div> deduplicate_params.html:46:1 (deduplicate_params.Rd:10): Warning: missing </ul> before </div> expand_dots.html:50:1 (expand_dots.Rd:12): Warning: missing </ul> before </div> filter_by_ggcall_ids.html:57:1 (filter_by_ggcall_ids.Rd:14): Warning: missing </ul> before </div> gg_plus_ggpacket.html:50:1 (gg_plus_ggpacket.Rd:12): Warning: missing </ul> before </div> ggpacket_plus_ANY.html:50:1 (ggpacket_plus_ANY.Rd:12): Warning: missing </ul> before </div> handle_reset_mapping.html:46:1 (handle_reset_mapping.Rd:10): Warning: missing </ul> before </div> infer_ggcall_id.html:46:1 (infer_ggcall_id.Rd:10): Warning: missing </ul> before </div> infer_ggcall_name.html:46:1 (infer_ggcall_name.Rd:10): Warning: missing </ul> before </div> length-ggpacket-method.html:47:1 (length-ggpacket-method.Rd:10): Warning: missing </ul> before </div> match_unnamed_args.html:55:1 (match_unnamed_args.Rd:14): Warning: missing </ul> before </div> names-ggpacket-method.html:47:1 (names-ggpacket-method.Rd:10): Warning: missing </ul> before </div> only_formals_and_dots.html:50:1 (only_formals_and_dots.Rd:12): Warning: missing </ul> before </div> required_aesthetics.html:46:1 (required_aesthetics.Rd:10): Warning: missing </ul> before </div> self.html:47:1 (self.Rd:11): Warning: missing </ul> before </div> smart_swap_mapping_data.html:48:1 (smart_swap_mapping_data.Rd:10): Warning: missing </ul> before </div> sub-.ggpacket.html:55:1 (sub-.ggpacket.Rd:14): Warning: missing </ul> before </div> sub-ggpacket-method.html:63:1 (sub-ggpacket-method.Rd:18): Warning: missing </ul> before </div> sub-sub-.ggpacket.html:55:1 (sub-sub-.ggpacket.Rd:14): Warning: missing </ul> before </div> sub-sub-ggpacket-method.html:59:1 (sub-sub-ggpacket-method.Rd:16): Warning: missing </ul> before </div> substitute_ggcall_dot_aes.html:54:1 (substitute_ggcall_dot_aes.Rd:14): Warning: missing </ul> before </div> substitute_quote.html:50:1 (substitute_quote.Rd:12): Warning: missing </ul> before </div> update_data.html:54:1 (update_data.Rd:14): Warning: missing </ul> before </div> update_mapping.html:46:1 (update_mapping.Rd:10): Warning: missing </ul> before </div> with_ignore_unknown_params.html:50:1 (with_ignore_unknown_params.Rd:12): Warning: missing </ul> before </div> with_ignore_unused_argument.html:51:1 (with_ignore_unused_argument.Rd:12): Warning: missing </ul> before </div> Flavor: r-devel-linux-x86_64-debian-gcc