Last updated on 2025-10-24 04:50:54 CEST.
| Flavor | Version | Tinstall | Tcheck | Ttotal | Status | Flags |
|---|---|---|---|---|---|---|
| r-devel-linux-x86_64-debian-clang | 0.2.0 | 9.00 | 80.91 | 89.91 | NOTE | |
| r-devel-linux-x86_64-debian-gcc | 0.2.0 | 5.55 | 56.93 | 62.48 | OK | |
| r-devel-linux-x86_64-fedora-clang | 0.2.0 | 20.00 | 115.57 | 135.57 | OK | |
| r-devel-linux-x86_64-fedora-gcc | 0.2.0 | 15.00 | 122.98 | 137.98 | OK | |
| r-devel-windows-x86_64 | 0.2.0 | 10.00 | 91.00 | 101.00 | OK | |
| r-patched-linux-x86_64 | 0.2.0 | 7.27 | 76.80 | 84.07 | OK | |
| r-release-linux-x86_64 | 0.2.0 | 7.64 | 76.30 | 83.94 | OK | |
| r-release-macos-arm64 | 0.2.0 | 3.00 | 36.00 | 39.00 | OK | |
| r-release-macos-x86_64 | 0.2.0 | 5.00 | 69.00 | 74.00 | OK | |
| r-release-windows-x86_64 | 0.2.0 | 10.00 | 92.00 | 102.00 | OK | |
| r-oldrel-macos-arm64 | 0.2.0 | 3.00 | 37.00 | 40.00 | OK | |
| r-oldrel-macos-x86_64 | 0.2.0 | 6.00 | 68.00 | 74.00 | OK | |
| r-oldrel-windows-x86_64 | 0.2.0 | 13.00 | 115.00 | 128.00 | OK |
Version: 0.2.0
Check: HTML version of manual
Result: NOTE
Found the following HTML validation problems:
theme_stamp.html:54:1 (theme_stamp.Rd:14): Warning: missing </ul> before </div>
Flavor: r-devel-linux-x86_64-debian-clang