CRAN Package Check Results for Package getable

Last updated on 2025-07-03 04:50:57 CEST.

Flavor Version Tinstall Tcheck Ttotal Status Flags
r-devel-linux-x86_64-debian-clang 1.0.3 1.74 24.48 26.22 OK
r-devel-linux-x86_64-debian-gcc 1.0.3 1.40 20.94 22.34 OK
r-devel-linux-x86_64-fedora-clang 1.0.3 40.90 OK
r-devel-linux-x86_64-fedora-gcc 1.0.3 51.57 OK
r-devel-windows-x86_64 1.0.3 3.00 45.00 48.00 OK
r-patched-linux-x86_64 1.0.3 1.62 22.01 23.63 OK
r-release-linux-x86_64 1.0.3 1.76 21.90 23.66 OK
r-release-macos-arm64 1.0.3 35.00 OK
r-release-macos-x86_64 1.0.3 40.00 OK
r-release-windows-x86_64 1.0.3 3.00 45.00 48.00 OK
r-oldrel-macos-arm64 1.0.3 23.00 NOTE
r-oldrel-macos-x86_64 1.0.3 32.00 NOTE
r-oldrel-windows-x86_64 1.0.3 4.00 50.00 54.00 NOTE

Check Details

Version: 1.0.3
Check: LazyData
Result: NOTE 'LazyData' is specified without a 'data' directory Flavors: r-oldrel-macos-arm64, r-oldrel-macos-x86_64, r-oldrel-windows-x86_64