Last updated on 2025-10-21 04:50:17 CEST.
Flavor | Version | Tinstall | Tcheck | Ttotal | Status | Flags |
---|---|---|---|---|---|---|
r-devel-linux-x86_64-debian-clang | 0.1-2 | 6.42 | 38.19 | 44.61 | OK | |
r-devel-linux-x86_64-debian-gcc | 0.1-2 | 4.20 | 29.39 | 33.59 | NOTE | |
r-devel-linux-x86_64-fedora-clang | 0.1-2 | 71.16 | OK | |||
r-devel-linux-x86_64-fedora-gcc | 0.1-2 | 78.86 | OK | |||
r-devel-windows-x86_64 | 0.1-2 | 7.00 | 54.00 | 61.00 | OK | |
r-patched-linux-x86_64 | 0.1-2 | 5.71 | 36.41 | 42.12 | OK | |
r-release-linux-x86_64 | 0.1-2 | 6.27 | 36.07 | 42.34 | OK | |
r-release-macos-arm64 | 0.1-2 | 32.00 | OK | |||
r-release-macos-x86_64 | 0.1-2 | 59.00 | OK | |||
r-release-windows-x86_64 | 0.1-2 | 10.00 | 55.00 | 65.00 | OK | |
r-oldrel-macos-arm64 | 0.1-2 | 35.00 | OK | |||
r-oldrel-macos-x86_64 | 0.1-2 | 62.00 | OK | |||
r-oldrel-windows-x86_64 | 0.1-2 | 10.00 | 64.00 | 74.00 | OK |
Version: 0.1-2
Check: HTML version of manual
Result: NOTE
Found the following HTML validation problems:
GeoNodeManager.html:166:1 (GeoNodeManager.Rd:91): Warning: <h5> anchor "Usage" already defined
GeoNodeManager.html:172:1 (GeoNodeManager.Rd:95): Warning: <h5> anchor "Arguments" already defined
GeoNodeManager.html:195:1 (GeoNodeManager.Rd:108): Warning: <h5> anchor "Usage" already defined
GeoNodeManager.html:201:1 (GeoNodeManager.Rd:112): Warning: <h5> anchor "Arguments" already defined
GeoNodeManager.html:224:1 (GeoNodeManager.Rd:125): Warning: <h5> anchor "Usage" already defined
GeoNodeManager.html:230:1 (GeoNodeManager.Rd:129): Warning: <h5> anchor "Arguments" already defined
GeoNodeManager.html:261:1 (GeoNodeManager.Rd:150): Warning: <h5> anchor "Usage" already defined
GeoNodeManager.html:267:1 (GeoNodeManager.Rd:154): Warning: <h5> anchor "Arguments" already defined
GeoNodeManager.html:298:1 (GeoNodeManager.Rd:175): Warning: <h5> anchor "Usage" already defined
GeoNodeManager.html:321:1 (GeoNodeManager.Rd:188): Warning: <h5> anchor "Usage" already defined
GeoNodeManager.html:327:1 (GeoNodeManager.Rd:192): Warning: <h5> anchor "Returns" already defined
GeoNodeManager.html:344:1 (GeoNodeManager.Rd:201): Warning: <h5> anchor "Usage" already defined
GeoNodeManager.html:350:1 (GeoNodeManager.Rd:205): Warning: <h5> anchor "Arguments" already defined
GeoNodeManager.html:363:1 (GeoNodeManager.Rd:212): Warning: <h5> anchor "Returns" already defined
GeoNodeManager.html:380:1 (GeoNodeManager.Rd:221): Warning: <h5> anchor "Usage" already defined
GeoNodeManager.html:386:1 (GeoNodeManager.Rd:225): Warning: <h5> anchor "Arguments" already defined
GeoNodeManager.html:399:1 (GeoNodeManager.Rd:232): Warning: <h5> anchor "Returns" already defined
GeoNodeManager.html:416:1 (GeoNodeManager.Rd:241): Warning: <h5> anchor "Usage" already defined
GeoNodeManager.html:422:1 (GeoNodeManager.Rd:245): Warning: <h5> anchor "Arguments" already defined
GeoNodeManager.html:437:1 (GeoNodeManager.Rd:254): Warning: <h5> anchor "Returns" already defined
GeoNodeManager.html:454:1 (GeoNodeManager.Rd:263): Warning: <h5> anchor "Usage" already defined
GeoNodeManager.html:460:1 (GeoNodeManager.Rd:267): Warning: <h5> anchor "Arguments" already defined
GeoNodeManager.html:473:1 (GeoNodeManager.Rd:274): Warning: <h5> anchor "Returns" already defined
GeoNodeManager.html:490:1 (GeoNodeManager.Rd:283): Warning: <h5> anchor "Usage" already defined
GeoNodeManager.html:496:1 (GeoNodeManager.Rd:287): Warning: <h5> anchor "Arguments" already defined
GeoNodeManager.html:509:1 (GeoNodeManager.Rd:294): Warning: <h5> anchor "Returns" already defined
GeoNodeManager.html:526:1 (GeoNodeManager.Rd:303): Warning: <h5> anchor "Usage" already defined
GeoNodeManager.html:532:1 (GeoNodeManager.Rd:307): Warning: <h5> anchor "Arguments" already defined
GeoNodeManager.html:545:1 (GeoNodeManager.Rd:314): Warning: <h5> anchor "Returns" already defined
GeoNodeManager.html:562:1 (GeoNodeManager.Rd:323): Warning: <h5> anchor "Usage" already defined
GeoNodeManager.html:568:1 (GeoNodeManager.Rd:327): Warning: <h5> anchor "Arguments" already defined
GeoNodeManager.html:581:1 (GeoNodeManager.Rd:334): Warning: <h5> anchor "Returns" already defined
GeoNodeManager.html:598:1 (GeoNodeManager.Rd:343): Warning: <h5> anchor "Usage" already defined
GeoNodeManager.html:604:1 (GeoNodeManager.Rd:347): Warning: <h5> anchor "Arguments" already defined
GeoNodeManager.html:617:1 (GeoNodeManager.Rd:354): Warning: <h5> anchor "Returns" already defined
GeoNodeManager.html:634:1 (GeoNodeManager.Rd:363): Warning: <h5> anchor "Usage" already defined
GeoNodeManager.html:640:1 (GeoNodeManager.Rd:367): Warning: <h5> anchor "Arguments" already defined
GeoNodeManager.html:655:1 (GeoNodeManager.Rd:376): Warning: <h5> anchor "Returns" already defined
GeoNodeManager.html:672:1 (GeoNodeManager.Rd:385): Warning: <h5> anchor "Usage" already defined
GeoNodeManager.html:678:1 (GeoNodeManager.Rd:389): Warning: <h5> anchor "Arguments" already defined
GeoNodeManager.html:691:1 (GeoNodeManager.Rd:396): Warning: <h5> anchor "Returns" already defined
GeoNodeManager.html:708:1 (GeoNodeManager.Rd:405): Warning: <h5> anchor "Usage" already defined
GeoNodeManager.html:714:1 (GeoNodeManager.Rd:409): Warning: <h5> anchor "Arguments" already defined
GeoNodeVersion.html:128:1 (GeoNodeVersion.Rd:80): Warning: <h5> anchor "Usage" already defined
GeoNodeVersion.html:134:1 (GeoNodeVersion.Rd:84): Warning: <h5> anchor "Arguments" already defined
GeoNodeVersion.html:164:1 (GeoNodeVersion.Rd:100): Warning: <h5> anchor "Usage" already defined
GeoNodeVersion.html:170:1 (GeoNodeVersion.Rd:104): Warning: <h5> anchor "Arguments" already defined
GeoNodeVersion.html:183:1 (GeoNodeVersion.Rd:111): Warning: <h5> anchor "Returns" already defined
GeoNodeVersion.html:200:1 (GeoNodeVersion.Rd:120): Warning: <h5> anchor "Usage" already defined
GeoNodeVersion.html:206:1 (GeoNodeVersion.Rd:124): Warning: <h5> anchor "Arguments" already defined
GeoNodeVersion.html:219:1 (GeoNodeVersion.Rd:131): Warning: <h5> anchor "Returns" already defined
GeoNodeVersion.html:236:1 (GeoNodeVersion.Rd:140): Warning: <h5> anchor "Usage" already defined
GeoNodeVersion.html:242:1 (GeoNodeVersion.Rd:144): Warning: <h5> anchor "Arguments" already defined
Flavor: r-devel-linux-x86_64-debian-gcc