Last updated on 2025-10-24 04:50:53 CEST.
| Flavor | Version | Tinstall | Tcheck | Ttotal | Status | Flags |
|---|---|---|---|---|---|---|
| r-devel-linux-x86_64-debian-clang | 1.1.0 | 45.76 | 296.48 | 342.24 | NOTE | |
| r-devel-linux-x86_64-debian-gcc | 1.1.0 | 26.16 | 182.39 | 208.55 | NOTE | |
| r-devel-linux-x86_64-fedora-clang | 1.1.0 | 125.00 | 450.38 | 575.38 | OK | |
| r-devel-linux-x86_64-fedora-gcc | 1.1.0 | 92.00 | 444.07 | 536.07 | OK | |
| r-devel-windows-x86_64 | 1.1.0 | 47.00 | 270.00 | 317.00 | OK | |
| r-patched-linux-x86_64 | 1.1.0 | 41.68 | 272.53 | 314.21 | OK | |
| r-release-linux-x86_64 | 1.1.0 | 40.41 | 274.32 | 314.73 | OK | |
| r-release-macos-arm64 | 1.1.0 | 19.00 | 128.00 | 147.00 | OK | |
| r-release-macos-x86_64 | 1.1.0 | 32.00 | 223.00 | 255.00 | OK | |
| r-release-windows-x86_64 | 1.1.0 | 48.00 | 273.00 | 321.00 | OK | |
| r-oldrel-macos-arm64 | 1.1.0 | 17.00 | 101.00 | 118.00 | OK | |
| r-oldrel-macos-x86_64 | 1.1.0 | 26.00 | 161.00 | 187.00 | OK | |
| r-oldrel-windows-x86_64 | 1.1.0 | 62.00 | 373.00 | 435.00 | OK |
Version: 1.1.0
Check: CRAN incoming feasibility
Result: NOTE
Maintainer: ‘Annie C. Smith <annie.smith@dnr.wa.gov>’
No Authors@R field in DESCRIPTION.
Please add one, modifying
Authors@R: c(person(given = c("Annie", "C."),
family = "Smith",
role = c("aut", "cre"),
email = "annie.smith@dnr.wa.gov"),
person(given = "Phoebe",
family = "Zarnetske",
role = "aut"),
person(given = "Kyla",
family = "Dahlin",
role = "aut"),
person(given = "Adam",
family = "Wilson",
role = "aut"),
person(given = "Andrew",
family = "Latimer",
role = "aut"))
as necessary.
Flavors: r-devel-linux-x86_64-debian-clang, r-devel-linux-x86_64-debian-gcc