Last updated on 2025-10-22 05:51:11 CEST.
Flavor | Version | Tinstall | Tcheck | Ttotal | Status | Flags |
---|---|---|---|---|---|---|
r-devel-linux-x86_64-debian-clang | 1.2.1 | 4.83 | 50.24 | 55.07 | NOTE | |
r-devel-linux-x86_64-debian-gcc | 1.2.1 | 2.96 | 37.03 | 39.99 | NOTE | |
r-devel-linux-x86_64-fedora-clang | 1.2.1 | 15.00 | 68.57 | 83.57 | OK | |
r-devel-linux-x86_64-fedora-gcc | 1.2.1 | 11.00 | 66.18 | 77.18 | OK | |
r-devel-windows-x86_64 | 1.2.1 | 7.00 | 68.00 | 75.00 | OK | |
r-patched-linux-x86_64 | 1.2.1 | 5.17 | 46.36 | 51.53 | OK | |
r-release-linux-x86_64 | 1.2.1 | 4.48 | 46.52 | 51.00 | OK | |
r-release-macos-arm64 | 1.2.1 | 3.00 | 28.00 | 31.00 | OK | |
r-release-macos-x86_64 | 1.2.1 | 6.00 | 44.00 | 50.00 | OK | |
r-release-windows-x86_64 | 1.2.1 | 8.00 | 70.00 | 78.00 | OK | |
r-oldrel-macos-arm64 | 1.2.1 | 2.00 | 25.00 | 27.00 | OK | |
r-oldrel-macos-x86_64 | 1.2.1 | 4.00 | 35.00 | 39.00 | OK | |
r-oldrel-windows-x86_64 | 1.2.1 | 10.00 | 84.00 | 94.00 | OK |
Version: 1.2.1
Check: HTML version of manual
Result: NOTE
Found the following HTML validation problems:
print.genius_album.html:51:1 (print.genius_album.Rd:12): Warning: missing </ul> before </div>
print.genius_annotation.html:51:1 (print.genius_annotation.Rd:12): Warning: missing </ul> before </div>
print.genius_artist.html:51:1 (print.genius_artist.Rd:12): Warning: missing </ul> before </div>
print.genius_referent.html:51:1 (print.genius_referent.Rd:12): Warning: missing </ul> before </div>
print.genius_resource.html:51:1 (print.genius_resource.Rd:12): Warning: missing </ul> before </div>
print.genius_song.html:51:1 (print.genius_song.Rd:12): Warning: missing </ul> before </div>
Flavors: r-devel-linux-x86_64-debian-clang, r-devel-linux-x86_64-debian-gcc