Last updated on 2024-07-27 03:49:29 CEST.
Flavor | Version | Tinstall | Tcheck | Ttotal | Status | Flags |
---|---|---|---|---|---|---|
r-devel-linux-x86_64-debian-clang | 1.0.1 | 10.90 | 162.60 | 173.50 | OK | |
r-devel-linux-x86_64-debian-gcc | 1.0.1 | 7.26 | 124.83 | 132.09 | NOTE | |
r-devel-linux-x86_64-fedora-clang | 1.0.1 | 217.67 | OK | |||
r-devel-linux-x86_64-fedora-gcc | 1.0.1 | 211.25 | OK | |||
r-devel-windows-x86_64 | 1.0.1 | 9.00 | 140.00 | 149.00 | NOTE | |
r-patched-linux-x86_64 | 1.0.1 | OK | ||||
r-release-linux-x86_64 | 1.0.1 | 6.30 | 154.14 | 160.44 | OK | |
r-release-macos-arm64 | 1.0.1 | 62.00 | OK | |||
r-release-macos-x86_64 | 1.0.1 | 98.00 | OK | |||
r-release-windows-x86_64 | 1.0.1 | 9.00 | 140.00 | 149.00 | OK | |
r-oldrel-macos-arm64 | 1.0.1 | 75.00 | OK | |||
r-oldrel-macos-x86_64 | 1.0.1 | 111.00 | NOTE | |||
r-oldrel-windows-x86_64 | 1.0.1 | 12.00 | 164.00 | 176.00 | OK |
Version: 1.0.1
Check: Rd cross-references
Result: NOTE
Found the following Rd file(s) with Rd \link{} targets missing package
anchors:
fts.freqdom.Rd: freqdom
Please provide package anchors for all Rd \link{} targets not in the
package itself and the base packages.
Flavors: r-devel-linux-x86_64-debian-gcc, r-devel-windows-x86_64
Version: 1.0.1
Check: package dependencies
Result: NOTE
Package suggested but not available for checking: ‘MARSS’
Flavor: r-oldrel-macos-x86_64