Last updated on 2024-07-27 03:49:28 CEST.
Flavor | Version | Tinstall | Tcheck | Ttotal | Status | Flags |
---|---|---|---|---|---|---|
r-devel-linux-x86_64-debian-clang | 3.5.7 | 6.63 | 35.36 | 41.99 | NOTE | |
r-devel-linux-x86_64-debian-gcc | 3.5.7 | 4.33 | 26.87 | 31.20 | NOTE | |
r-devel-linux-x86_64-fedora-clang | 3.5.7 | 54.39 | NOTE | |||
r-devel-linux-x86_64-fedora-gcc | 3.5.7 | 47.84 | NOTE | |||
r-devel-windows-x86_64 | 3.5.7 | 7.00 | 52.00 | 59.00 | NOTE | |
r-patched-linux-x86_64 | 3.5.7 | NOTE | ||||
r-release-linux-x86_64 | 3.5.7 | 4.72 | 33.34 | 38.06 | NOTE | |
r-release-macos-arm64 | 3.5.7 | 20.00 | NOTE | |||
r-release-macos-x86_64 | 3.5.7 | 27.00 | NOTE | |||
r-release-windows-x86_64 | 3.5.7 | 9.00 | 52.00 | 61.00 | NOTE | |
r-oldrel-macos-arm64 | 3.5.7 | 21.00 | NOTE | |||
r-oldrel-macos-x86_64 | 3.5.7 | 28.00 | NOTE | |||
r-oldrel-windows-x86_64 | 3.5.7 | 9.00 | 56.00 | 65.00 | NOTE |
Version: 3.5.7
Check: Rd files
Result: NOTE
checkRd: (-1) bitspec.Rd:8: Escaped LaTeX specials: \&
Flavors: r-devel-linux-x86_64-debian-clang, r-devel-linux-x86_64-debian-gcc, r-devel-linux-x86_64-fedora-clang, r-devel-linux-x86_64-fedora-gcc, r-devel-windows-x86_64, r-patched-linux-x86_64, r-release-linux-x86_64, r-release-macos-arm64, r-release-macos-x86_64, r-release-windows-x86_64, r-oldrel-macos-arm64, r-oldrel-macos-x86_64, r-oldrel-windows-x86_64