Last updated on 2025-10-24 04:50:53 CEST.
| Flavor | Version | Tinstall | Tcheck | Ttotal | Status | Flags |
|---|---|---|---|---|---|---|
| r-devel-linux-x86_64-debian-clang | 1.0.1 | 11.67 | 205.28 | 216.95 | OK | |
| r-devel-linux-x86_64-debian-gcc | 1.0.1 | 7.68 | 145.67 | 153.35 | OK | |
| r-devel-linux-x86_64-fedora-clang | 1.0.1 | 22.00 | 322.78 | 344.78 | NOTE | |
| r-devel-linux-x86_64-fedora-gcc | 1.0.1 | 20.00 | 309.23 | 329.23 | NOTE | |
| r-devel-windows-x86_64 | 1.0.1 | 12.00 | 275.00 | 287.00 | OK | |
| r-patched-linux-x86_64 | 1.0.1 | 10.79 | 196.54 | 207.33 | OK | |
| r-release-linux-x86_64 | 1.0.1 | 10.20 | 197.06 | 207.26 | OK | |
| r-release-macos-arm64 | 1.0.1 | 7.00 | 142.00 | 149.00 | OK | |
| r-release-macos-x86_64 | 1.0.1 | 8.00 | 233.00 | 241.00 | OK | |
| r-release-windows-x86_64 | 1.0.1 | 14.00 | 287.00 | 301.00 | OK | |
| r-oldrel-macos-arm64 | 1.0.1 | 4.00 | 99.00 | 103.00 | OK | |
| r-oldrel-macos-x86_64 | 1.0.1 | 7.00 | 170.00 | 177.00 | OK | |
| r-oldrel-windows-x86_64 | 1.0.1 | 18.00 | 320.00 | 338.00 | OK |
Version: 1.0.1
Check: dependencies in R code
Result: NOTE
Namespaces in Imports field not imported from:
‘mgcv’ ‘numDeriv’
All declared Imports should be used.
Flavors: r-devel-linux-x86_64-fedora-clang, r-devel-linux-x86_64-fedora-gcc