Last updated on 2025-10-21 04:50:15 CEST.
Flavor | Version | Tinstall | Tcheck | Ttotal | Status | Flags |
---|---|---|---|---|---|---|
r-devel-linux-x86_64-debian-clang | 0.6.0 | 224.78 | 199.04 | 423.82 | OK | |
r-devel-linux-x86_64-debian-gcc | 0.6.0 | 173.08 | 158.60 | 331.68 | NOTE | |
r-devel-linux-x86_64-fedora-clang | 0.6.0 | 732.00 | OK | |||
r-devel-linux-x86_64-fedora-gcc | 0.6.0 | 742.33 | OK | |||
r-devel-windows-x86_64 | 0.6.0 | 229.00 | 227.00 | 456.00 | OK | |
r-patched-linux-x86_64 | 0.6.0 | 220.22 | 213.81 | 434.03 | OK | |
r-release-linux-x86_64 | 0.6.0 | 221.12 | 212.86 | 433.98 | OK | |
r-release-macos-arm64 | 0.6.0 | 169.00 | OK | |||
r-release-macos-x86_64 | 0.6.0 | 226.00 | OK | |||
r-release-windows-x86_64 | 0.6.0 | 234.00 | 218.00 | 452.00 | OK | |
r-oldrel-macos-arm64 | 0.6.0 | 228.00 | NOTE | |||
r-oldrel-macos-x86_64 | 0.6.0 | 302.00 | NOTE | |||
r-oldrel-windows-x86_64 | 0.6.0 | 274.00 | 281.00 | 555.00 | OK |
Version: 0.6.0
Check: HTML version of manual
Result: NOTE
Found the following HTML validation problems:
CheckData.html:50:1 (CheckData.Rd:12): Warning: missing </ul> before </div>
CheckOptions.html:54:1 (CheckOptions.Rd:14): Warning: missing </ul> before </div>
ConvertSupport.html:74:1 (ConvertSupport.Rd:27): Warning: missing </ul> before </div>
SetOptions.html:56:1 (SetOptions.Rd:16): Warning: missing </ul> before </div>
cumtrapzRcpp.html:50:1 (cumtrapzRcpp.Rd:12): Warning: missing </ul> before </div>
print.FSVD.html:51:1 (print.FSVD.Rd:12): Warning: missing </ul> before </div>
print.WFDA.html:51:1 (print.WFDA.Rd:12): Warning: missing </ul> before </div>
str.FPCA.html:51:1 (str.FPCA.Rd:12): Warning: missing </ul> before </div>
trapzRcpp.html:50:1 (trapzRcpp.Rd:12): Warning: missing </ul> before </div>
Flavor: r-devel-linux-x86_64-debian-gcc
Version: 0.6.0
Check: installed package size
Result: NOTE
installed size is 40.2Mb
sub-directories of 1Mb or more:
libs 38.5Mb
Flavors: r-oldrel-macos-arm64, r-oldrel-macos-x86_64