Last updated on 2025-05-10 08:50:37 CEST.
Flavor | Version | Tinstall | Tcheck | Ttotal | Status | Flags |
---|---|---|---|---|---|---|
r-devel-linux-x86_64-debian-clang | 8.4.0.7 | 76.94 | 375.18 | 452.12 | OK | |
r-devel-linux-x86_64-debian-gcc | 8.4.0.7 | 44.95 | 230.96 | 275.91 | OK | |
r-devel-linux-x86_64-fedora-clang | 8.4.0.7 | 716.30 | OK | |||
r-devel-linux-x86_64-fedora-gcc | 8.4.0.7 | 707.02 | OK | |||
r-devel-windows-x86_64 | 8.4.0.7 | 69.00 | 392.00 | 461.00 | OK | |
r-patched-linux-x86_64 | 8.4.0.7 | 76.75 | 352.11 | 428.86 | OK | |
r-release-linux-x86_64 | 8.4.0.7 | 67.27 | 352.08 | 419.35 | OK | |
r-release-macos-arm64 | 8.4.0.7 | 158.00 | OK | |||
r-release-macos-x86_64 | 8.4.0.7 | 447.00 | OK | |||
r-release-windows-x86_64 | 8.4.0.7 | 70.00 | 390.00 | 460.00 | OK | |
r-oldrel-macos-arm64 | 8.4.0.7 | 165.00 | NOTE | |||
r-oldrel-macos-x86_64 | 8.4.0.7 | 426.00 | NOTE | |||
r-oldrel-windows-x86_64 | 8.4.0.7 | 93.00 | 494.00 | 587.00 | NOTE |
Version: 8.4.0.7
Check: installed package size
Result: NOTE
installed size is 6.0Mb
sub-directories of 1Mb or more:
R 3.1Mb
help 1.7Mb
Flavors: r-oldrel-macos-arm64, r-oldrel-macos-x86_64, r-oldrel-windows-x86_64