Last updated on 2025-10-21 04:50:15 CEST.
Flavor | Version | Tinstall | Tcheck | Ttotal | Status | Flags |
---|---|---|---|---|---|---|
r-devel-linux-x86_64-debian-clang | 0.4.0 | 5.10 | 63.90 | 69.00 | OK | |
r-devel-linux-x86_64-debian-gcc | 0.4.0 | 3.64 | 45.54 | 49.18 | NOTE | |
r-devel-linux-x86_64-fedora-clang | 0.4.0 | 108.51 | OK | |||
r-devel-linux-x86_64-fedora-gcc | 0.4.0 | 114.06 | OK | |||
r-devel-windows-x86_64 | 0.4.0 | 7.00 | 79.00 | 86.00 | OK | |
r-patched-linux-x86_64 | 0.4.0 | 5.18 | 59.09 | 64.27 | OK | |
r-release-linux-x86_64 | 0.4.0 | 4.13 | 60.04 | 64.17 | OK | |
r-release-macos-arm64 | 0.4.0 | 40.00 | OK | |||
r-release-macos-x86_64 | 0.4.0 | 91.00 | OK | |||
r-release-windows-x86_64 | 0.4.0 | 8.00 | 81.00 | 89.00 | OK | |
r-oldrel-macos-arm64 | 0.4.0 | 46.00 | OK | |||
r-oldrel-macos-x86_64 | 0.4.0 | 84.00 | OK | |||
r-oldrel-windows-x86_64 | 0.4.0 | 10.00 | 98.00 | 108.00 | OK |
Version: 0.4.0
Check: HTML version of manual
Result: NOTE
Found the following HTML validation problems:
factorH_dataset.html:50:1 (factorH_dataset.Rd:25): Warning: missing </ul> before </div>
factorH_reference.html:358:1 (factorH_reference.Rd:248): Warning: missing </ul> before </div>
factorH_syntax.html:91:1 (factorH_syntax.Rd:61): Warning: missing </ul> before </div>
Flavor: r-devel-linux-x86_64-debian-gcc