Last updated on 2025-10-23 08:49:54 CEST.
| Flavor | Version | Tinstall | Tcheck | Ttotal | Status | Flags |
|---|---|---|---|---|---|---|
| r-devel-linux-x86_64-debian-clang | 0.1 | 1.75 | 30.57 | 32.32 | OK | |
| r-devel-linux-x86_64-debian-gcc | 0.1 | 1.28 | 23.52 | 24.80 | OK | |
| r-devel-linux-x86_64-fedora-clang | 0.1 | 51.33 | OK | |||
| r-devel-linux-x86_64-fedora-gcc | 0.1 | 66.35 | OK | |||
| r-devel-windows-x86_64 | 0.1 | 4.00 | 47.00 | 51.00 | OK | |
| r-patched-linux-x86_64 | 0.1 | 1.68 | 29.35 | 31.03 | OK | |
| r-release-linux-x86_64 | 0.1 | 1.81 | 28.97 | 30.78 | OK | |
| r-release-macos-arm64 | 0.1 | 1.00 | 32.00 | 33.00 | OK | |
| r-release-macos-x86_64 | 0.1 | 2.00 | 43.00 | 45.00 | OK | |
| r-release-windows-x86_64 | 0.1 | 4.00 | 49.00 | 53.00 | OK | |
| r-oldrel-macos-arm64 | 0.1 | 1.00 | 24.00 | 25.00 | NOTE | |
| r-oldrel-macos-x86_64 | 0.1 | 2.00 | 35.00 | 37.00 | NOTE | |
| r-oldrel-windows-x86_64 | 0.1 | 4.00 | 56.00 | 60.00 | NOTE |
Version: 0.1
Check: LazyData
Result: NOTE
'LazyData' is specified without a 'data' directory
Flavors: r-oldrel-macos-arm64, r-oldrel-macos-x86_64, r-oldrel-windows-x86_64