Last updated on 2025-10-21 04:50:14 CEST.
Flavor | Version | Tinstall | Tcheck | Ttotal | Status | Flags |
---|---|---|---|---|---|---|
r-devel-linux-x86_64-debian-clang | 1.7.0 | 9.82 | 150.84 | 160.66 | OK | |
r-devel-linux-x86_64-debian-gcc | 1.7.0 | 6.62 | 106.92 | 113.54 | NOTE | |
r-devel-linux-x86_64-fedora-clang | 1.7.0 | 257.85 | OK | |||
r-devel-linux-x86_64-fedora-gcc | 1.7.0 | 227.86 | OK | |||
r-devel-windows-x86_64 | 1.7.0 | 12.00 | 144.00 | 156.00 | OK | |
r-patched-linux-x86_64 | 1.7.0 | 10.04 | 141.39 | 151.43 | OK | |
r-release-linux-x86_64 | 1.7.0 | 8.80 | 141.84 | 150.64 | OK | |
r-release-macos-arm64 | 1.7.0 | 66.00 | OK | |||
r-release-macos-x86_64 | 1.7.0 | 158.00 | OK | |||
r-release-windows-x86_64 | 1.7.0 | 14.00 | 151.00 | 165.00 | OK | |
r-oldrel-macos-arm64 | 1.7.0 | 68.00 | OK | |||
r-oldrel-macos-x86_64 | 1.7.0 | 199.00 | OK | |||
r-oldrel-windows-x86_64 | 1.7.0 | 16.00 | 206.00 | 222.00 | OK |
Version: 1.7.0
Check: HTML version of manual
Result: NOTE
Found the following HTML validation problems:
california_ev_model.html:57:1 (california_ev_model.Rd:15): Warning: missing </ul> before </div>
convert_time_num_to_period.html:46:1 (convert_time_num_to_period.Rd:10): Warning: missing </ul> before </div>
round_to_interval.html:50:1 (round_to_interval.Rd:12): Warning: missing </ul> before </div>
Flavor: r-devel-linux-x86_64-debian-gcc