Last updated on 2025-10-24 04:50:52 CEST.
| Flavor | Version | Tinstall | Tcheck | Ttotal | Status | Flags |
|---|---|---|---|---|---|---|
| r-devel-linux-x86_64-debian-clang | 1.0.8 | 2.41 | 31.21 | 33.62 | NOTE | |
| r-devel-linux-x86_64-debian-gcc | 1.0.8 | 1.58 | 24.37 | 25.95 | NOTE | |
| r-devel-linux-x86_64-fedora-clang | 1.0.8 | 51.48 | OK | |||
| r-devel-linux-x86_64-fedora-gcc | 1.0.8 | 60.34 | OK | |||
| r-devel-windows-x86_64 | 1.0.8 | 4.00 | 49.00 | 53.00 | OK | |
| r-patched-linux-x86_64 | 1.0.8 | 2.57 | 28.23 | 30.80 | OK | |
| r-release-linux-x86_64 | 1.0.8 | 2.42 | 28.32 | 30.74 | OK | |
| r-release-macos-arm64 | 1.0.8 | 2.00 | 29.00 | 31.00 | OK | |
| r-release-macos-x86_64 | 1.0.8 | 3.00 | 46.00 | 49.00 | OK | |
| r-release-windows-x86_64 | 1.0.8 | 4.00 | 52.00 | 56.00 | OK | |
| r-oldrel-macos-arm64 | 1.0.8 | 1.00 | 26.00 | 27.00 | OK | |
| r-oldrel-macos-x86_64 | 1.0.8 | 2.00 | 39.00 | 41.00 | OK | |
| r-oldrel-windows-x86_64 | 1.0.8 | 5.00 | 59.00 | 64.00 | OK |
Version: 1.0.8
Check: CRAN incoming feasibility
Result: NOTE
Maintainer: ‘Jorge Cimentada <cimentadaj@gmail.com>’
Package CITATION file contains call(s) to old-style citEntry(). Please
use bibentry() instead.
Flavors: r-devel-linux-x86_64-debian-clang, r-devel-linux-x86_64-debian-gcc