CRAN Package Check Results for Package dumbbell

Last updated on 2025-10-22 05:51:06 CEST.

Flavor Version Tinstall Tcheck Ttotal Status Flags
r-devel-linux-x86_64-debian-clang 0.1 7.08 81.15 88.23 NOTE
r-devel-linux-x86_64-debian-gcc 0.1 4.98 58.30 63.28 NOTE
r-devel-linux-x86_64-fedora-clang 0.1 29.00 109.58 138.58 OK
r-devel-linux-x86_64-fedora-gcc 0.1 16.00 123.17 139.17 OK
r-devel-windows-x86_64 0.1 9.00 85.00 94.00 OK
r-patched-linux-x86_64 0.1 6.76 75.27 82.03 OK
r-release-linux-x86_64 0.1 6.80 74.58 81.38 OK
r-release-macos-arm64 0.1 3.00 37.00 40.00 OK
r-release-macos-x86_64 0.1 5.00 61.00 66.00 OK
r-release-windows-x86_64 0.1 10.00 85.00 95.00 OK
r-oldrel-macos-arm64 0.1 3.00 34.00 37.00 NOTE
r-oldrel-macos-x86_64 0.1 4.00 50.00 54.00 NOTE
r-oldrel-windows-x86_64 0.1 11.00 105.00 116.00 NOTE

Check Details

Version: 0.1
Check: CRAN incoming feasibility
Result: NOTE Maintainer: ‘Foo Cheung <foocheung@yahoo.com>’ No Authors@R field in DESCRIPTION. Please add one, modifying Authors@R: person(given = "Foo", family = "Cheung", role = c("aut", "cre"), email = "foocheung@yahoo.com") as necessary. Flavors: r-devel-linux-x86_64-debian-clang, r-devel-linux-x86_64-debian-gcc

Version: 0.1
Check: LazyData
Result: NOTE 'LazyData' is specified without a 'data' directory Flavors: r-oldrel-macos-arm64, r-oldrel-macos-x86_64, r-oldrel-windows-x86_64