Last updated on 2024-07-27 03:49:27 CEST.
Flavor | Version | Tinstall | Tcheck | Ttotal | Status | Flags |
---|---|---|---|---|---|---|
r-devel-linux-x86_64-debian-clang | 1.0.0-2 | 3535.93 | 98.66 | 3634.59 | OK | |
r-devel-linux-x86_64-debian-gcc | 1.0.0-2 | 2766.34 | 72.74 | 2839.08 | OK | |
r-devel-linux-x86_64-fedora-clang | 1.0.0-2 | 4927.02 | NOTE | |||
r-devel-linux-x86_64-fedora-gcc | 1.0.0-2 | 6436.54 | OK | |||
r-devel-windows-x86_64 | 1.0.0-2 | 1961.00 | 323.00 | 2284.00 | NOTE | |
r-patched-linux-x86_64 | 1.0.0-2 | OK | ||||
r-release-linux-x86_64 | 1.0.0-2 | 3388.60 | 92.95 | 3481.55 | OK | |
r-release-macos-arm64 | 1.0.0-2 | 1133.00 | NOTE | |||
r-release-macos-x86_64 | 1.0.0-2 | 1165.00 | NOTE | |||
r-release-windows-x86_64 | 1.0.0-2 | 2431.00 | 382.00 | 2813.00 | NOTE | |
r-oldrel-macos-arm64 | 1.0.0-2 | 1140.00 | NOTE | |||
r-oldrel-macos-x86_64 | 1.0.0-2 | 1035.00 | NOTE | |||
r-oldrel-windows-x86_64 | 1.0.0-2 | 2599.00 | 457.00 | 3056.00 | NOTE |
Version: 1.0.0-2
Check: installed package size
Result: NOTE
installed size is 45.7Mb
sub-directories of 1Mb or more:
libs 44.9Mb
Flavors: r-devel-linux-x86_64-fedora-clang, r-devel-windows-x86_64, r-release-macos-arm64, r-release-macos-x86_64, r-release-windows-x86_64, r-oldrel-macos-arm64, r-oldrel-macos-x86_64, r-oldrel-windows-x86_64