Last updated on 2025-07-03 04:50:54 CEST.
Flavor | Version | Tinstall | Tcheck | Ttotal | Status | Flags |
---|---|---|---|---|---|---|
r-devel-linux-x86_64-debian-clang | 1.1.4 | 25.17 | 298.07 | 323.24 | NOTE | |
r-devel-linux-x86_64-debian-gcc | 1.1.4 | 15.79 | 197.40 | 213.19 | NOTE | |
r-devel-linux-x86_64-fedora-clang | 1.1.4 | 512.41 | NOTE | |||
r-devel-linux-x86_64-fedora-gcc | 1.1.4 | 474.69 | NOTE | |||
r-devel-windows-x86_64 | 1.1.4 | 1.00 | 5.00 | 6.00 | ERROR | |
r-patched-linux-x86_64 | 1.1.4 | 26.07 | 274.21 | 300.28 | NOTE | |
r-release-linux-x86_64 | 1.1.4 | 22.60 | 272.58 | 295.18 | NOTE | |
r-release-macos-arm64 | 1.1.4 | 194.00 | NOTE | |||
r-release-macos-x86_64 | 1.1.4 | 311.00 | NOTE | |||
r-release-windows-x86_64 | 1.1.4 | 36.00 | 292.00 | 328.00 | NOTE | |
r-oldrel-macos-arm64 | 1.1.4 | 137.00 | OK | |||
r-oldrel-macos-x86_64 | 1.1.4 | 232.00 | OK | |||
r-oldrel-windows-x86_64 | 1.1.4 | 41.00 | 383.00 | 424.00 | OK |
Version: 1.1.4
Check: compiled code
Result: NOTE
File ‘dplyr/libs/dplyr.so’:
Found non-API calls to R: ‘LEVELS’, ‘OBJECT’, ‘PRVALUE’,
‘R_shallow_duplicate_attr’, ‘Rf_allocSExp’, ‘SET_PRCODE’,
‘SET_PRENV’, ‘SET_PRVALUE’
Compiled code should not call non-API entry points in R.
See ‘Writing portable packages’ in the ‘Writing R Extensions’ manual,
and section ‘Moving into C API compliance’ for issues with the use of
non-API entry points.
Flavors: r-devel-linux-x86_64-debian-clang, r-devel-linux-x86_64-debian-gcc, r-devel-linux-x86_64-fedora-clang, r-devel-linux-x86_64-fedora-gcc, r-patched-linux-x86_64, r-release-linux-x86_64, r-release-macos-arm64, r-release-macos-x86_64
Version: 1.1.4
Check: whether package can be installed
Result: ERROR
Installation failed.
Flavor: r-devel-windows-x86_64
Version: 1.1.4
Check: compiled code
Result: NOTE
File 'dplyr/libs/x64/dplyr.dll':
Found non-API calls to R: 'LEVELS', 'OBJECT', 'PRVALUE',
'R_shallow_duplicate_attr', 'Rf_allocSExp', 'SET_PRCODE',
'SET_PRENV', 'SET_PRVALUE'
Compiled code should not call non-API entry points in R.
See 'Writing portable packages' in the 'Writing R Extensions' manual,
and section 'Moving into C API compliance' for issues with the use of
non-API entry points.
Flavor: r-release-windows-x86_64