Last updated on 2024-05-21 03:55:15 CEST.
Flavor | Version | Tinstall | Tcheck | Ttotal | Status | Flags |
---|---|---|---|---|---|---|
r-devel-linux-x86_64-debian-clang | 1.5 | 6.65 | 35.09 | 41.74 | OK | |
r-devel-linux-x86_64-debian-gcc | 1.5 | 3.97 | 26.39 | 30.36 | OK | |
r-devel-linux-x86_64-fedora-clang | 1.5 | 51.26 | NOTE | |||
r-devel-linux-x86_64-fedora-gcc | 1.5 | 49.58 | NOTE | |||
r-devel-windows-x86_64 | 1.5 | 8.00 | 51.00 | 59.00 | OK | |
r-patched-linux-x86_64 | 1.5 | 5.06 | 34.13 | 39.19 | OK | |
r-release-linux-x86_64 | 1.5 | 4.46 | 33.91 | 38.37 | OK | |
r-release-macos-arm64 | 1.5 | 21.00 | OK | |||
r-release-windows-x86_64 | 1.5 | 8.00 | 53.00 | 61.00 | OK | |
r-oldrel-macos-arm64 | 1.5 | 21.00 | OK | |||
r-oldrel-macos-x86_64 | 1.5 | 29.00 | OK | |||
r-oldrel-windows-x86_64 | 1.5 | 9.00 | 57.00 | 66.00 | OK |
Version: 1.5
Check: compiled code
Result: NOTE
File ‘diffIRT/libs/diffIRT.so’:
Found no calls to: ‘R_registerRoutines’, ‘R_useDynamicSymbols’
It is good practice to register native routines and to disable symbol
search.
See ‘Writing portable packages’ in the ‘Writing R Extensions’ manual.
Flavors: r-devel-linux-x86_64-fedora-clang, r-devel-linux-x86_64-fedora-gcc