Last updated on 2025-10-23 08:49:52 CEST.
Flavor | Version | Tinstall | Tcheck | Ttotal | Status | Flags |
---|---|---|---|---|---|---|
r-devel-linux-x86_64-debian-clang | 0.3.0 | 6.93 | 97.58 | 104.51 | NOTE | |
r-devel-linux-x86_64-debian-gcc | 0.3.0 | 5.34 | 66.99 | 72.33 | OK | |
r-devel-linux-x86_64-fedora-clang | 0.3.0 | 19.00 | 134.78 | 153.78 | OK | |
r-devel-linux-x86_64-fedora-gcc | 0.3.0 | 15.00 | 146.64 | 161.64 | OK | |
r-devel-windows-x86_64 | 0.3.0 | 10.00 | 107.00 | 117.00 | OK | |
r-patched-linux-x86_64 | 0.3.0 | 6.67 | 88.65 | 95.32 | OK | |
r-release-linux-x86_64 | 0.3.0 | 6.59 | 89.20 | 95.79 | OK | |
r-release-macos-arm64 | 0.3.0 | 3.00 | 44.00 | 47.00 | OK | |
r-release-macos-x86_64 | 0.3.0 | 5.00 | 74.00 | 79.00 | OK | |
r-release-windows-x86_64 | 0.3.0 | 9.00 | 108.00 | 117.00 | OK | |
r-oldrel-macos-arm64 | 0.3.0 | 3.00 | 44.00 | 47.00 | OK | |
r-oldrel-macos-x86_64 | 0.3.0 | 4.00 | 61.00 | 65.00 | OK | |
r-oldrel-windows-x86_64 | 0.3.0 | 12.00 | 131.00 | 143.00 | OK |
Version: 0.3.0
Check: HTML version of manual
Result: NOTE
Found the following HTML validation problems:
get_defol_events.html:46:1 (get_defol_events.Rd:10): Warning: missing </ul> before </div>
plot.defol.html:47:1 (plot.defol.Rd:10): Warning: missing </ul> before </div>
series_names.html:46:1 (series_names.Rd:10): Warning: missing </ul> before </div>
Flavor: r-devel-linux-x86_64-debian-clang