Last updated on 2025-10-23 08:49:52 CEST.
| Flavor | Version | Tinstall | Tcheck | Ttotal | Status | Flags |
|---|---|---|---|---|---|---|
| r-devel-linux-x86_64-debian-clang | 1.1.1 | 64.76 | 94.43 | 159.19 | OK | |
| r-devel-linux-x86_64-debian-gcc | 1.1.1 | 42.93 | 65.97 | 108.90 | OK | |
| r-devel-linux-x86_64-fedora-clang | 1.1.1 | 360.00 | -67.52 | 292.48 | OK | |
| r-devel-linux-x86_64-fedora-gcc | 1.1.1 | 130.00 | 126.09 | 256.09 | OK | |
| r-devel-windows-x86_64 | 1.1.1 | 77.00 | 133.00 | 210.00 | OK | |
| r-patched-linux-x86_64 | 1.1.1 | 67.39 | 88.22 | 155.61 | OK | |
| r-release-linux-x86_64 | 1.1.1 | 67.21 | 87.54 | 154.75 | OK | |
| r-release-macos-arm64 | 1.1.1 | 28.00 | 42.00 | 70.00 | OK | |
| r-release-macos-x86_64 | 1.1.1 | 38.00 | 72.00 | 110.00 | OK | |
| r-release-windows-x86_64 | 1.1.1 | 83.00 | 135.00 | 218.00 | OK | |
| r-oldrel-macos-arm64 | 1.1.1 | 22.00 | 42.00 | 64.00 | NOTE | |
| r-oldrel-macos-x86_64 | 1.1.1 | 34.00 | 77.00 | 111.00 | NOTE | |
| r-oldrel-windows-x86_64 | 1.1.1 | 91.00 | 167.00 | 258.00 | OK |
Version: 1.1.1
Check: installed package size
Result: NOTE
installed size is 6.1Mb
sub-directories of 1Mb or more:
libs 5.3Mb
Flavors: r-oldrel-macos-arm64, r-oldrel-macos-x86_64