Last updated on 2025-10-21 04:50:13 CEST.
Flavor | Version | Tinstall | Tcheck | Ttotal | Status | Flags |
---|---|---|---|---|---|---|
r-devel-linux-x86_64-debian-clang | 0.2.0 | 3.02 | 33.91 | 36.93 | OK | |
r-devel-linux-x86_64-debian-gcc | 0.2.0 | 2.68 | 26.91 | 29.59 | NOTE | |
r-devel-linux-x86_64-fedora-clang | 0.2.0 | 57.18 | OK | |||
r-devel-linux-x86_64-fedora-gcc | 0.2.0 | 53.71 | OK | |||
r-devel-windows-x86_64 | 0.2.0 | 6.00 | 51.00 | 57.00 | OK | |
r-patched-linux-x86_64 | 0.2.0 | 3.61 | 32.39 | 36.00 | OK | |
r-release-linux-x86_64 | 0.2.0 | 3.04 | 32.06 | 35.10 | OK | |
r-release-macos-arm64 | 0.2.0 | 22.00 | OK | |||
r-release-macos-x86_64 | 0.2.0 | 40.00 | OK | |||
r-release-windows-x86_64 | 0.2.0 | 6.00 | 56.00 | 62.00 | OK | |
r-oldrel-macos-arm64 | 0.2.0 | 21.00 | OK | |||
r-oldrel-macos-x86_64 | 0.2.0 | 30.00 | OK | |||
r-oldrel-windows-x86_64 | 0.2.0 | 6.00 | 62.00 | 68.00 | OK |
Version: 0.2.0
Check: HTML version of manual
Result: NOTE
Found the following HTML validation problems:
checkMaxSpan.html:48:1 (checkMaxSpan.Rd:11): Warning: missing </ul> before </div>
checkRanges.html:48:1 (checkRanges.Rd:11): Warning: missing </ul> before </div>
filterEMPTY.html:48:1 (filterEMPTY.Rd:11): Warning: missing </ul> before </div>
makeInput.html:68:1 (makeInput.Rd:21): Warning: missing </ul> before </div>
makeLabel.html:52:1 (makeLabel.Rd:13): Warning: missing </ul> before </div>
Flavor: r-devel-linux-x86_64-debian-gcc