Last updated on 2025-10-24 04:50:50 CEST.
| Flavor | Version | Tinstall | Tcheck | Ttotal | Status | Flags |
|---|---|---|---|---|---|---|
| r-devel-linux-x86_64-debian-clang | 0.1.0 | 10.41 | 83.99 | 94.40 | OK | |
| r-devel-linux-x86_64-debian-gcc | 0.1.0 | 8.21 | 62.00 | 70.21 | OK | |
| r-devel-linux-x86_64-fedora-clang | 0.1.0 | 13.00 | 89.30 | 102.30 | OK | |
| r-devel-linux-x86_64-fedora-gcc | 0.1.0 | 22.00 | 113.79 | 135.79 | OK | |
| r-devel-windows-x86_64 | 0.1.0 | 12.00 | 87.00 | 99.00 | OK | |
| r-patched-linux-x86_64 | 0.1.0 | 9.91 | 80.17 | 90.08 | OK | |
| r-release-linux-x86_64 | 0.1.0 | 9.32 | 79.55 | 88.87 | OK | |
| r-release-macos-arm64 | 0.1.0 | 4.00 | 33.00 | 37.00 | OK | |
| r-release-macos-x86_64 | 0.1.0 | 7.00 | 64.00 | 71.00 | OK | |
| r-release-windows-x86_64 | 0.1.0 | 11.00 | 90.00 | 101.00 | OK | |
| r-oldrel-macos-arm64 | 0.1.0 | 4.00 | 31.00 | 35.00 | NOTE | |
| r-oldrel-macos-x86_64 | 0.1.0 | 6.00 | 46.00 | 52.00 | NOTE | |
| r-oldrel-windows-x86_64 | 0.1.0 | 16.00 | 110.00 | 126.00 | NOTE |
Version: 0.1.0
Check: LazyData
Result: NOTE
'LazyData' is specified without a 'data' directory
Flavors: r-oldrel-macos-arm64, r-oldrel-macos-x86_64, r-oldrel-windows-x86_64