Last updated on 2024-07-27 03:49:26 CEST.
Flavor | Version | Tinstall | Tcheck | Ttotal | Status | Flags |
---|---|---|---|---|---|---|
r-devel-linux-x86_64-debian-clang | 1.2.0 | 19.27 | 385.69 | 404.96 | OK | |
r-devel-linux-x86_64-debian-gcc | 1.2.0 | 16.93 | 310.18 | 327.11 | NOTE | |
r-devel-linux-x86_64-fedora-clang | 1.2.0 | 507.34 | NOTE | |||
r-devel-linux-x86_64-fedora-gcc | 1.2.0 | 496.02 | OK | |||
r-devel-windows-x86_64 | 1.2.0 | 19.00 | 455.00 | 474.00 | NOTE | |
r-patched-linux-x86_64 | 1.2.0 | OK | ||||
r-release-linux-x86_64 | 1.2.0 | 12.35 | 387.53 | 399.88 | OK | |
r-release-macos-arm64 | 1.2.0 | 131.00 | OK | |||
r-release-macos-x86_64 | 1.2.0 | 204.00 | OK | |||
r-release-windows-x86_64 | 1.2.0 | 19.00 | 452.00 | 471.00 | OK | |
r-oldrel-macos-arm64 | 1.2.0 | 121.00 | OK | |||
r-oldrel-macos-x86_64 | 1.2.0 | 246.00 | OK | |||
r-oldrel-windows-x86_64 | 1.2.0 | 24.00 | 467.00 | 491.00 | OK |
Version: 1.2.0
Check: Rd cross-references
Result: NOTE
Found the following Rd file(s) with Rd \link{} targets missing package
anchors:
crossnma.Rd: jags.model
netconnection.crossnma.Rd: netconnection
netconnection.crossnma.model.Rd: netconnection
netgraph.crossnma.Rd: netgraph.netmeta
netgraph.crossnma.model.Rd: netgraph.netmeta
Please provide package anchors for all Rd \link{} targets not in the
package itself and the base packages.
Flavors: r-devel-linux-x86_64-debian-gcc, r-devel-windows-x86_64
Version: 1.2.0
Check: Rd cross-references
Result: NOTE
Undeclared package ‘R2jags’ in Rd xrefs
Flavor: r-devel-linux-x86_64-fedora-clang