Last updated on 2025-10-21 04:50:12 CEST.
Flavor | Version | Tinstall | Tcheck | Ttotal | Status | Flags |
---|---|---|---|---|---|---|
r-devel-linux-x86_64-debian-clang | 1.0.6 | 22.69 | 260.52 | 283.21 | OK | --no-vignettes |
r-devel-linux-x86_64-debian-gcc | 1.0.6 | 14.52 | 168.56 | 183.08 | NOTE | --no-vignettes |
r-devel-linux-x86_64-fedora-clang | 1.0.6 | 661.99 | OK | |||
r-devel-linux-x86_64-fedora-gcc | 1.0.6 | 934.89 | OK | |||
r-devel-windows-x86_64 | 1.0.6 | 24.00 | 296.00 | 320.00 | OK | --no-vignettes |
r-patched-linux-x86_64 | 1.0.6 | 21.71 | 244.76 | 266.47 | OK | --no-vignettes |
r-release-linux-x86_64 | 1.0.6 | 20.14 | 244.84 | 264.98 | OK | --no-vignettes |
r-release-macos-arm64 | 1.0.6 | 220.00 | OK | |||
r-release-macos-x86_64 | 1.0.6 | 402.00 | OK | |||
r-release-windows-x86_64 | 1.0.6 | 25.00 | 298.00 | 323.00 | OK | --no-vignettes |
r-oldrel-macos-arm64 | 1.0.6 | 196.00 | OK | |||
r-oldrel-macos-x86_64 | 1.0.6 | 543.00 | OK | |||
r-oldrel-windows-x86_64 | 1.0.6 | 31.00 | 340.00 | 371.00 | OK | --no-vignettes |
Version: 1.0.6
Flags: --no-vignettes
Check: HTML version of manual
Result: NOTE
Found the following HTML validation problems:
dinvGamma.html:62:1 (dinvGamma.Rd:18): Warning: missing </ul> before </div>
initialize-DualEndpointOld-method.html:86:1 (initialize-DualEndpointOld-method.Rd:35): Warning: missing </ul> before </div>
pinvGamma.html:62:1 (pinvGamma.Rd:18): Warning: missing </ul> before </div>
plot.gtable.html:51:1 (plot.gtable.Rd:12): Warning: missing </ul> before </div>
qinvGamma.html:62:1 (qinvGamma.Rd:18): Warning: missing </ul> before </div>
rinvGamma.html:54:1 (rinvGamma.Rd:14): Warning: missing </ul> before </div>
Flavor: r-devel-linux-x86_64-debian-gcc