CRAN Package Check Results for Package cp4p

Last updated on 2025-10-22 05:51:04 CEST.

Flavor Version Tinstall Tcheck Ttotal Status Flags
r-devel-linux-x86_64-debian-clang 0.3.6 15.95 128.55 144.50 NOTE
r-devel-linux-x86_64-debian-gcc 0.3.6 12.66 88.35 101.01 NOTE
r-devel-linux-x86_64-fedora-clang 0.3.6 83.00 158.96 241.96 OK
r-devel-linux-x86_64-fedora-gcc 0.3.6 65.00 163.21 228.21 OK
r-devel-windows-x86_64 0.3.6 17.00 126.00 143.00 OK
r-patched-linux-x86_64 0.3.6 15.58 122.59 138.17 OK
r-release-linux-x86_64 0.3.6 14.00 121.16 135.16 OK
r-release-macos-arm64 0.3.6 7.00 48.00 55.00 OK
r-release-macos-x86_64 0.3.6 13.00 98.00 111.00 OK
r-release-windows-x86_64 0.3.6 16.00 125.00 141.00 OK
r-oldrel-macos-arm64 0.3.6 6.00 46.00 52.00 OK
r-oldrel-macos-x86_64 0.3.6 9.00 67.00 76.00 OK
r-oldrel-windows-x86_64 0.3.6 23.00 163.00 186.00 OK

Check Details

Version: 0.3.6
Check: CRAN incoming feasibility
Result: NOTE Maintainer: ‘Quentin Giai Gianetto <quentin2g@yahoo.fr>’ No Authors@R field in DESCRIPTION. Please add one, modifying Authors@R: c(person(given = c("Quentin", "Giai"), family = "Gianetto", role = c("aut", "cre"), email = "quentin2g@yahoo.fr"), person(given = "Florence", family = "Combes", role = "aut"), person(given = "Claire", family = "Ramus", role = "aut"), person(given = "Christophe", family = "Bruley", role = "aut"), person(given = "Yohann", family = "Couté", role = "aut"), person(given = "Thomas", family = "Burger", role = "aut")) as necessary. Flavors: r-devel-linux-x86_64-debian-clang, r-devel-linux-x86_64-debian-gcc