Last updated on 2025-10-22 05:51:03 CEST.
Flavor | Version | Tinstall | Tcheck | Ttotal | Status | Flags |
---|---|---|---|---|---|---|
r-devel-linux-x86_64-debian-clang | 0.2-1 | 15.10 | 71.73 | 86.83 | NOTE | |
r-devel-linux-x86_64-debian-gcc | 0.2-1 | 11.48 | 53.53 | 65.01 | NOTE | |
r-devel-linux-x86_64-fedora-clang | 0.2-1 | 23.00 | 79.69 | 102.69 | OK | |
r-devel-linux-x86_64-fedora-gcc | 0.2-1 | 30.00 | 99.91 | 129.91 | OK | |
r-devel-windows-x86_64 | 0.2-1 | 21.00 | 95.00 | 116.00 | OK | |
r-patched-linux-x86_64 | 0.2-1 | 16.44 | 67.57 | 84.01 | OK | |
r-release-linux-x86_64 | 0.2-1 | 17.50 | 67.83 | 85.33 | OK | |
r-release-macos-arm64 | 0.2-1 | 10.00 | 33.00 | 43.00 | OK | |
r-release-macos-x86_64 | 0.2-1 | 21.00 | 67.00 | 88.00 | OK | |
r-release-windows-x86_64 | 0.2-1 | 23.00 | 96.00 | 119.00 | OK | |
r-oldrel-macos-arm64 | 0.2-1 | 8.00 | 39.00 | 47.00 | OK | |
r-oldrel-macos-x86_64 | 0.2-1 | 14.00 | 63.00 | 77.00 | OK | |
r-oldrel-windows-x86_64 | 0.2-1 | 27.00 | 121.00 | 148.00 | OK |
Version: 0.2-1
Check: HTML version of manual
Result: NOTE
Found the following HTML validation problems:
plot.comet.html:64:1 (plot.comet.Rd:23): Warning: missing </ul> before </div>
Flavors: r-devel-linux-x86_64-debian-clang, r-devel-linux-x86_64-debian-gcc